{"id":1467,"date":"2013-01-07T11:51:47","date_gmt":"2013-01-07T16:21:47","guid":{"rendered":"http:\/\/www.contraloriaestadoamazonas.gob.ve\/amz\/?page_id=1467"},"modified":"2026-04-09T10:03:52","modified_gmt":"2026-04-09T14:33:52","slug":"directorio","status":"publish","type":"page","link":"https:\/\/contraloriaestadoamazonas.gob.ve\/amz\/directorio\/","title":{"rendered":"Directorio"},"content":{"rendered":"<p>\u00a0<\/p>\n<ul>\n<li style=\"list-style-type: none;\">\n<ul>\n<li><span style=\"color: #008080;\"><strong><a title=\"Despacho del Contralor\" href=\"http:\/\/www.contraloriaestadoamazonas.gob.ve\/amz\/despacho-del-contralor\/\"><span style=\"color: #008080;\">Despacho del Contralor (a)<\/span><\/a><\/strong><\/span><br \/>\n<ul>\n<li>despacho@contraloriaestadoamazonas.gob.ve<\/li>\n<\/ul>\n<\/li>\n<\/ul>\n<\/li>\n<\/ul>\n<ul>\n<li style=\"list-style-type: none;\">\n<ul>\n<li><span style=\"color: #008080;\"><strong><a title=\"Direcci\u00f3n General\" href=\"http:\/\/www.contraloriaestadoamazonas.gob.ve\/amz\/direccion-general\/\"><span style=\"color: #008080;\">Direcci\u00f3n General<\/span><\/a><\/strong><\/span>\n<ul>\n<li>dg@contraloriaestadoamazonas.gob.ve<\/li>\n<\/ul>\n<\/li>\n<\/ul>\n<\/li>\n<\/ul>\n<ul>\n<li style=\"list-style-type: none;\">\n<ul>\n<li><span style=\"color: #008080;\"><strong><a title=\"Oficina de Atenci\u00f3n al Ciudadano\" href=\"http:\/\/www.contraloriaestadoamazonas.gob.ve\/amz\/oficina-de-atencion-al-ciudadano\/\"><span style=\"color: #008080;\">Oficina de Atenci\u00f3n al Ciudadano<\/span><\/a><\/strong><\/span>\n<ul>\n<li>oac@contraloriaestadoamazonas.gob.ve<\/li>\n<\/ul>\n<\/li>\n<\/ul>\n<\/li>\n<\/ul>\n<ul>\n<li style=\"list-style-type: none;\">\n<ul>\n<li><span style=\"color: #008080;\"><strong><a title=\"Direcci\u00f3n de Procedimiento y Determinaci\u00f3n de Responsabilidad Administrativa\" href=\"http:\/\/www.contraloriaestadoamazonas.gob.ve\/amz\/direccion-de-procedimiento-y-determinacion-de-responsabilidad-administrativa\/\"><span style=\"color: #008080;\">Direcci\u00f3n de Procedimientos y Determinaci\u00f3n de Responsabilidades Administrativas<\/span><\/a><\/strong><\/span>\n<ul>\n<li>dpdra@contraloriaestadoamazonas.gob.ve<\/li>\n<\/ul>\n<\/li>\n<\/ul>\n<\/li>\n<\/ul>\n<ul>\n<li style=\"list-style-type: none;\">\n<ul>\n<li><span style=\"color: #008080;\"><strong><a title=\"Direcci\u00f3n de Control Posterior de la Administraci\u00f3n Estadal\" href=\"http:\/\/www.contraloriaestadoamazonas.gob.ve\/amz\/direccion-de-control-posterior-de-la-administracion-estadal\/\"><span style=\"color: #008080;\">Direcci\u00f3n de Control Posterior de la Administraci\u00f3n Estadal<\/span><\/a><\/strong><\/span>\n<ul>\n<li>dcpae@contraloriaestadoamazonas.gob.ve<\/li>\n<\/ul>\n<\/li>\n<\/ul>\n<\/li>\n<\/ul>\n<ul>\n<li style=\"list-style-type: none;\">\n<ul>\n<li><span style=\"color: #008080;\"><strong><a title=\"Direcci\u00f3n de Administraci\u00f3n y Servicios Generales\" href=\"http:\/\/www.contraloriaestadoamazonas.gob.ve\/amz\/direccion-de-administracion-y-servicios-generales\/\"><span style=\"color: #008080;\">Direcci\u00f3n de Administraci\u00f3n y Servicios Generales<br \/><\/span><\/a><\/strong><\/span>\n<ul>\n<li>dasg@contraloriaestadoamazonas.gob.ve<\/li>\n<\/ul>\n<\/li>\n<\/ul>\n<\/li>\n<\/ul>\n<ul>\n<li style=\"list-style-type: none;\">\n<ul>\n<li><span style=\"color: #008080;\"><strong><a title=\"Direcci\u00f3n de Consultor\u00eda Jur\u00eddica\" href=\"http:\/\/www.contraloriaestadoamazonas.gob.ve\/amz\/direccion-de-consultoria-juridica\/\"><span style=\"color: #008080;\">Direcci\u00f3n de Consultor\u00eda Jur\u00eddica<\/span><\/a><\/strong><\/span>\n<ul>\n<li>dcj@contraloriaestadoamazonas.gob.ve<\/li>\n<\/ul>\n<\/li>\n<\/ul>\n<\/li>\n<\/ul>\n<ul>\n<li style=\"list-style-type: none;\">\n<ul>\n<li><span style=\"color: #008080;\"><strong><a title=\"Unidad de Recursos Humanos y Adiestramiento\" href=\"http:\/\/www.contraloriaestadoamazonas.gob.ve\/amz\/unidad-de-recursos-humanos-y-adiestramiento\/\"><span style=\"color: #008080;\">Direcci\u00f3n de Recursos Humanos y Adiestramiento<br \/><\/span><\/a><\/strong><\/span>\n<ul>\n<li>drhha@contraloriaestadoamazonas.gob.ve<\/li>\n<\/ul>\n<\/li>\n<\/ul>\n<\/li>\n<\/ul>\n<ul>\n<li style=\"list-style-type: none;\">\n<ul>\n<li><span style=\"color: #008080;\"><strong><a title=\"Unidad T\u00e9cnica de Planificaci\u00f3n e Inform\u00e1tica\" href=\"http:\/\/www.contraloriaestadoamazonas.gob.ve\/amz\/unidad-tecnica-de-planificacion-e-informatica\/\"><span style=\"color: #008080;\">Direcci\u00f3n de Tecnolog\u00eda e Informaci\u00f3n<\/span><\/a><\/strong><\/span><br \/>\n<ul>\n<li>dti@contraloriaestadoamazonas.gob.ve<\/li>\n<\/ul>\n<\/li>\n<li>Direcci\u00f3n de Planificaci\u00f3n y Presupuesto\u00a0<\/li>\n<\/ul>\n<\/li>\n<\/ul>\n<p>\u00a0 \u00a0 \u00a0 \u00a0 \u00a0 \u00a0 \u00a0 \u00a0 \u00a0 \u00a0 \u00a0 \u00a0 dpp@contraloriaestadoamazonas.gob.ve<\/p>\n\n\n<p><\/p>\n","protected":false},"excerpt":{"rendered":"<p>\u00a0 Despacho del Contralor (a) despacho@contraloriaestadoamazonas.gob.ve Direcci\u00f3n General dg@contraloriaestadoamazonas.gob.ve Oficina de Atenci\u00f3n al Ciudadano oac@contraloriaestadoamazonas.gob.ve Direcci\u00f3n de Procedimientos y Determinaci\u00f3n de Responsabilidades Administrativas dpdra@contraloriaestadoamazonas.gob.ve Direcci\u00f3n de Control Posterior de la Administraci\u00f3n Estadal dcpae@contraloriaestadoamazonas.gob.ve Direcci\u00f3n de Administraci\u00f3n y Servicios Generales dasg@contraloriaestadoamazonas.gob.ve &hellip; <a class=\"more-link\" href=\"https:\/\/contraloriaestadoamazonas.gob.ve\/amz\/directorio\/\">Sigue leyendo <span class=\"meta-nav\">&rarr;<\/span><\/a><\/p>\n","protected":false},"author":2,"featured_media":0,"parent":0,"menu_order":0,"comment_status":"closed","ping_status":"closed","template":"","meta":{"footnotes":""},"class_list":["post-1467","page","type-page","status-publish","hentry"],"_links":{"self":[{"href":"https:\/\/contraloriaestadoamazonas.gob.ve\/amz\/wp-json\/wp\/v2\/pages\/1467","targetHints":{"allow":["GET"]}}],"collection":[{"href":"https:\/\/contraloriaestadoamazonas.gob.ve\/amz\/wp-json\/wp\/v2\/pages"}],"about":[{"href":"https:\/\/contraloriaestadoamazonas.gob.ve\/amz\/wp-json\/wp\/v2\/types\/page"}],"author":[{"embeddable":true,"href":"https:\/\/contraloriaestadoamazonas.gob.ve\/amz\/wp-json\/wp\/v2\/users\/2"}],"replies":[{"embeddable":true,"href":"https:\/\/contraloriaestadoamazonas.gob.ve\/amz\/wp-json\/wp\/v2\/comments?post=1467"}],"version-history":[{"count":14,"href":"https:\/\/contraloriaestadoamazonas.gob.ve\/amz\/wp-json\/wp\/v2\/pages\/1467\/revisions"}],"predecessor-version":[{"id":5216,"href":"https:\/\/contraloriaestadoamazonas.gob.ve\/amz\/wp-json\/wp\/v2\/pages\/1467\/revisions\/5216"}],"wp:attachment":[{"href":"https:\/\/contraloriaestadoamazonas.gob.ve\/amz\/wp-json\/wp\/v2\/media?parent=1467"}],"curies":[{"name":"wp","href":"https:\/\/api.w.org\/{rel}","templated":true}]}}