{"id":1493,"date":"2013-01-08T08:53:52","date_gmt":"2013-01-08T13:23:52","guid":{"rendered":"http:\/\/www.contraloriaestadoamazonas.gob.ve\/amz\/?page_id=1493"},"modified":"2026-04-10T09:22:01","modified_gmt":"2026-04-10T13:52:01","slug":"direccion-general","status":"publish","type":"page","link":"https:\/\/contraloriaestadoamazonas.gob.ve\/amz\/direccion-general\/","title":{"rendered":"Direcci\u00f3n General"},"content":{"rendered":"<address style=\"text-align: center;\"><strong><em>Esp. Wilmer L. Angel Z.<\/em><\/strong><\/p>\n<p><strong><em>Director General<\/em><\/strong><\/p>\n<p style=\"text-align: left;\"><span style=\"color: #000000;\"><b><i>T\u00edtulos Obtenidos:<\/i><\/b><\/span><\/p>\n<p style=\"text-align: left;\"><strong><em>ABOGADO <\/em><\/strong><\/p>\n<p style=\"text-align: left;\"><strong><em>Especializaci\u00f3n en Gerencia P\u00fablica<\/em><\/strong><\/p>\n<p style=\"text-align: left;\"><strong><em>Especializaci\u00f3n en Derecho Administrativo<\/em><\/strong><\/p>\n<\/address>\n<address style=\"text-align: center;\">\n<p style=\"text-align: left;\"><span style=\"color: #000000;\"><b><i>Experiencia Profesional:<\/i><\/b><\/span><\/p>\n<p><strong>C O N T R A L O R \u00cd A\u00a0 D E L\u00a0 E S T A D O\u00a0 A M A Z O N A S<\/strong><\/p>\n<p><em>\u00a0<\/em><\/p>\n<p style=\"text-align: left;\"><em>Cargo: <strong>Abogado Fiscal I (Direcci\u00f3n de Control Posterior de la Administraci\u00f3n Estadal de la Contralor\u00eda del estado Amazonas).<\/strong><\/em><\/p>\n<p style=\"text-align: left;\"><em>Fecha de Ingreso: 01\/02\/2011 al 01\/01\/2014<\/em><\/p>\n<p style=\"text-align: left;\"><em>Cargo: <strong>Abogado Fiscal II (Direcci\u00f3n de Control Posterior de la Administraci\u00f3n Estadal de la Contralor\u00eda del estado Amazonas).<\/strong><\/em><\/p>\n<p style=\"text-align: left;\"><em>Fecha de Ingreso: 01\/01\/2014 al 30\/09\/2014<\/em><\/p>\n<p style=\"text-align: left;\"><em>Cargo: <strong>Abogado Coordinador (Direcci\u00f3n de Control Posterior de la Administraci\u00f3n Estadal de la Contralor\u00eda del estado Amazonas).<\/strong><\/em><\/p>\n<p style=\"text-align: left;\"><em>Fecha de Ingreso: 01\/10\/2014 al 03\/01\/2018<\/em><\/p>\n<p style=\"text-align: left;\"><em>Cargo: <strong>Director (E) de Consultor\u00eda Jur\u00eddica de la Contralor\u00eda del estado Amazonas.<\/strong><\/em><\/p>\n<p style=\"text-align: left;\"><em>Fecha de Ingreso: 05\/02\/2018 al 16\/03\/2018<\/em><\/p>\n<p style=\"text-align: left;\"><em>Cargo: <strong>Director de Procedimientos y Determinaci\u00f3n de Responsabilidades Administrativas<\/strong><\/em><strong><em> de la Contralor\u00eda del estado Amazonas.<\/em><\/strong><\/p>\n<p style=\"text-align: left;\"><em>Fecha de Ingreso: 03\/01\/2018<\/em><em> al 29\/09\/2022<\/em><\/p>\n<p style=\"text-align: left;\"><em>Cargo: <strong>Director General <\/strong><\/em><strong><em>de la Contralor\u00eda del estado Amazonas.<\/em><\/strong><\/p>\n<p style=\"text-align: left;\"><em>Fecha de Ingreso: 30\/09\/2022<\/em><\/p>\n<p style=\"text-align: left;\"><em>Cargo Actual<\/em><\/p>\n<p style=\"text-align: left;\"><em>Jurado Principal por la Contralor\u00eda del estado Amazonas para la escogencia del Contralor (a) del Municipio Manapiare, estado Amazonas. (A\u00f1o 2013)<\/em><\/p>\n<p style=\"text-align: left;\"><em>Jurado Principal por la Contralor\u00eda del estado Amazonas para la escogencia del Contralor (a) del Municipio Atures, del estado Amazonas. (A\u00f1o 2015-2016)<\/em><\/p>\n<p style=\"text-align: left;\"><em>Delegaci\u00f3n por parte del Contralor del estado Amazonas, para decidir un expediente administrativo (FUNDAIHIRUS AMAZONAS, a\u00f1o 2014).<\/em><\/p>\n<p style=\"text-align: left;\"><em>Miembro principal por el \u00c1rea Jur\u00eddica de la Comisi\u00f3n de Contrataciones P\u00fablicas de la Contralor\u00eda del Estado Amazonas.<\/em><\/p>\n<p><strong><em>\u00a0<\/em><\/strong><\/p>\n<\/address>\n<address style=\"text-align: center;\">\n<p style=\"text-align: left;\"><span style=\"color: #000000;\"><b><i>Cursos:<\/i><\/b><\/span><\/p>\n<p style=\"text-align: left;\"><strong><em>TALLER DE \u201cORIENTACIONES ADMINISTRATIVA PARA LOS \u00d3RGANOS Y ENTIDADES ESTADALES Y MUNICIPALES\u201d\u00a0<\/em><\/strong><em>Realizado: Contralor\u00eda General de la Rep\u00fablica, a\u00f1o 2011.<\/em><\/p>\n<p style=\"text-align: left;\"><strong><em>TALLER DE \u201cEL PROCESO DE AUDITOR\u00cdA\u201d\u00a0<\/em><\/strong><em>Realizado: Sistema Nacional de Control Fiscal, a\u00f1o 2012.<\/em><\/p>\n<p style=\"text-align: left;\"><strong><em>TALLER DE \u201cPOTESTAD INVESTIGATIVA\u201d\u00a0<\/em><\/strong><em>Realizado: Sistema Nacional de Control Fiscal, <\/em><em>a\u00f1o 2012.<\/em><\/p>\n<p style=\"text-align: left;\"><strong><em>TALLER DE \u201cCONTRATACIONES P\u00daBLICAS PARA CONSEJOS COMUNALES\u201d\u00a0<\/em><\/strong><em>Realizado: Servicio Nacional de Contrataciones, <\/em><em>a\u00f1o 2012.<\/em><\/p>\n<p style=\"text-align: left;\"><strong><em>\u201cI JORNADA DE CONTROL\u00a0 FISCAL\u00a0 EN HOMENAJE AL\u00a0 DR. CLODOSBALDO RUSSIAN\u201d\u00a0<\/em><\/strong><em>Realizado: Contralor\u00eda Municipal del Municipio Atures, <\/em><em>a\u00f1o 2012.<\/em><\/p>\n<p style=\"text-align: left;\"><strong><em>\u00a0<\/em><\/strong><strong><em>TALLER DE \u201cFORMACI\u00d3N CIUDADANA Y RESCATE DE VALORES\u201d\u00a0<\/em><\/strong><em>Realizado: Consejo Moral Republicano, <\/em><em>a\u00f1o 2013.<\/em><\/p>\n<p style=\"text-align: left;\"><strong><em>\u201cJORNADA DE CONTABILIDAD FISCAL PARA ESTADOS Y MUNICIPIOS\u201d\u00a0<\/em><\/strong><em>Realizado: Colegio de Contadores del Estado Amazonas, <\/em><em>a\u00f1o 2014.<\/em><\/p>\n<p style=\"text-align: left;\"><em>\u00a0<\/em><strong><em>TALLER \u201cDE LA \u00c9TICA AL CONTROL\u201d\u00a0<\/em><\/strong><em>Realizado: Instituto de Altos Estudios de Control Fiscal y Auditor\u00eda de Estado (COFAE), a\u00f1o 2014.<\/em><\/p>\n<p style=\"text-align: left;\"><strong><em>CURSO DE \u201cPRINCIPIOS GENERALES SOBRE PAPELES DE TRABAJO E INFORMES DE AUDITOR\u00cdA\u201d\u00a0 <\/em><\/strong><em>Realizado: Instituto de Altos Estudios de Control Fiscal y Auditor\u00eda de Estado (COFAE), a\u00f1o 2014.<\/em><\/p>\n<p style=\"text-align: left;\"><strong><em>CURSO DE \u201cAUDITOR\u00cdA DE GESTI\u00d3N\u201d\u00a0<\/em><\/strong><em>Realizado: Instituto de Altos Estudios de Control Fiscal y Auditor\u00eda de Estado (COFAE), a\u00f1o 2014.<\/em><\/p>\n<p style=\"text-align: left;\"><em>\u00a0<\/em><strong><em>CURSO DE \u201cEVIDENCIA Y DOCUMENTACI\u00d3N DE LA AUDITOR\u00cdA\u201d\u00a0<\/em><\/strong><em>Realizado: Instituto de Altos Estudios de Control Fiscal y Auditor\u00eda de Estado (COFAE), a\u00f1o 2014.<\/em><\/p>\n<p style=\"text-align: left;\"><em>\u00a0<\/em><strong><em>\u201cI JORNADA DE ACTUALIZACI\u00d3N JUR\u00cdDICA EN DERECHO ADMINISTRATIVO\u201d\u00a0<\/em><\/strong><em>Coordinado por la Procuradur\u00eda del Estado Amazonas, a\u00f1o 2015.<\/em><\/p>\n<p style=\"text-align: left;\"><strong><em>CURSO DE \u201cRELACIONES HUMANAS\u201d <\/em><\/strong><em>Realizado: INCES Amazonas, a\u00f1o 2017.<\/em><\/p>\n<p style=\"text-align: left;\"><strong><em>CURSO DE \u201cELABORACI\u00d3N, PRESENTACI\u00d3N Y SUSCRIPCI\u00d3N DEL ACTA DE ENTREGA EN LOS \u00d3RGANOS DE LA ADMINISTRACI\u00d3N P\u00daBLICA\u201d\u00a0<\/em><\/strong><em>Realizado: Instituto de Altos Estudios de Control Fiscal y Auditor\u00eda de Estado (COFAE), a\u00f1o 2022.<\/em><\/p>\n<p style=\"text-align: left;\"><strong><em>CURSO DE \u201cPLANIFICACI\u00d3N Y PRESUPUESTO P\u00daBLICO\u201d\u00a0<\/em><\/strong><em>Realizado: Instituto de Altos Estudios de Control Fiscal y Auditor\u00eda de Estado (COFAE), a\u00f1o 2024.<\/em><\/p>\n<p style=\"text-align: left;\"><strong><em>CURSO DE \u201cORTOGRAF\u00cdA Y REDACCI\u00d3N\u201d\u00a0<\/em><\/strong><em>Realizado: INCES Amazonas, a\u00f1o 2025.<\/em><\/p>\n<\/address>\n<p align=\"center\"><b>Misi\u00f3n de la Direcci\u00f3n General<\/b><\/p>\n<p style=\"text-align: justify;\">La Direcci\u00f3n General es la unidad funcional y organizativa de la Contraloria del estado Amazonas cuya misi\u00f3n fundamental es coordinar y supervisar las actuaciones de las Direcciones y unidades que conforman este organismo de control fiscal estadal, acorde a las directrices establecidas por el Despacho del Contralor(a), estableciendo y aplicando mecanismos novedosos de control para fortalecer la gesti\u00f3n contralora.<\/p>\n<p align=\"center\"><b>Visi\u00f3n de la Direcci\u00f3n General<\/b><\/p>\n<p style=\"text-align: justify;\">Constituirse como una Direcci\u00f3n l\u00edder, activa y din\u00e1mica, en el optimo cumplimiento de las pol\u00edticas y lineamientos adoptados por este \u00f3rgano de control fiscal estadal, en funci\u00f3n de alcanzar, de forma eficaz y eficiente, el desarrollo organizacional necesario que conlleven al logro de los objetivos institucionales planteados desde el despacho del Contralor(a).<\/p>\n<p align=\"center\"><b>Objetivo General de la Direcci\u00f3n General<\/b><\/p>\n<p style=\"text-align: justify;\">Coordinar, coadyuvar y organizar las actividades internas de manera que se cumplan los lineamientos estrat\u00e9gicos definidos por el Despacho del Contralor(a) en correspondencia a lo establecido en la Constituci\u00f3n de la Rep\u00fablica Bolivariana de Venezuela, en la Ley Org\u00e1nica de la Contralor\u00eda General de la Rep\u00fablica y del Sistema Nacional de Control Fiscal, en el Reglamento y otras leyes nacionales, y alcanzar las metas propuestas en todas las Direcciones y Unidades que integran la Contralor\u00eda del Estado Amazonas.<\/p>\n<p align=\"center\"><b><i>Funciones del \u00a0Director o Directora General:<\/i><\/b><b><i><br \/>\n<\/i><\/b><\/p>\n<ul>\n<li><i>Asistir al Contralor\u00a0 en el ejercicio de sus funciones.<\/i><\/li>\n<li><i>Suplir las ausencias del Contralor del estado.<\/i><\/li>\n<li><i>Participar con el Contralor en el Dise\u00f1o de Pol\u00edticas y en la definici\u00f3n de objetivos institucionales.<\/i><\/li>\n<li><i>Asistir al Contralor en el estudio de los recursos de reconsideraci\u00f3n, jer\u00e1rquico y de revisi\u00f3n que este le asigne.<\/i><\/li>\n<li><i>Conocer y decidir los asuntos que le delegue el \u00a0Contralor.<\/i><\/li>\n<li><i>Ejercer la coordinaci\u00f3n de las actividades que realicen las direcciones, unidades y oficinas de la Contralor\u00eda del estado Amazonas.<\/i><\/li>\n<li><i>Representar al Contralor en actos y eventos que correspondan a la Contralor\u00eda del estado Amazonas, cuando este lo decida.<\/i><\/li>\n<li><i>Asesorar y participar en todos los asuntos que correspondan a la instituci\u00f3n.<\/i><\/li>\n<li><i>Conocer de aquellos casos o asuntos en los cuales se inhiba el Contralor.<\/i><\/li>\n<li><i>Planificar, dirigir, coordinar y controlar las funciones y atribuciones especificas de cada una de las dependencias bajo su adscripci\u00f3n.<\/i><\/li>\n<li><i>Ejercer la guarda y custodia de los bienes adscritos a la Direcci\u00f3n.<\/i><\/li>\n<li><i>Las dem\u00e1s que le asigne el Contralor y las que se se\u00f1ale en el respectivo manual.<\/i><\/li>\n<\/ul>\n<h1><\/h1>\n<h1><span style=\"color: #800080;\">\u00a0<\/span><\/h1>\n","protected":false},"excerpt":{"rendered":"<p>Esp. Wilmer L. Angel Z. Director General T\u00edtulos Obtenidos: ABOGADO Especializaci\u00f3n en Gerencia P\u00fablica Especializaci\u00f3n en Derecho Administrativo Experiencia Profesional: C O N T R A L O R \u00cd A\u00a0 D E L\u00a0 E S T A D O\u00a0 &hellip; <a class=\"more-link\" href=\"https:\/\/contraloriaestadoamazonas.gob.ve\/amz\/direccion-general\/\">Sigue leyendo <span class=\"meta-nav\">&rarr;<\/span><\/a><\/p>\n","protected":false},"author":2,"featured_media":0,"parent":0,"menu_order":0,"comment_status":"closed","ping_status":"closed","template":"","meta":{"footnotes":""},"class_list":["post-1493","page","type-page","status-publish","hentry"],"_links":{"self":[{"href":"https:\/\/contraloriaestadoamazonas.gob.ve\/amz\/wp-json\/wp\/v2\/pages\/1493","targetHints":{"allow":["GET"]}}],"collection":[{"href":"https:\/\/contraloriaestadoamazonas.gob.ve\/amz\/wp-json\/wp\/v2\/pages"}],"about":[{"href":"https:\/\/contraloriaestadoamazonas.gob.ve\/amz\/wp-json\/wp\/v2\/types\/page"}],"author":[{"embeddable":true,"href":"https:\/\/contraloriaestadoamazonas.gob.ve\/amz\/wp-json\/wp\/v2\/users\/2"}],"replies":[{"embeddable":true,"href":"https:\/\/contraloriaestadoamazonas.gob.ve\/amz\/wp-json\/wp\/v2\/comments?post=1493"}],"version-history":[{"count":7,"href":"https:\/\/contraloriaestadoamazonas.gob.ve\/amz\/wp-json\/wp\/v2\/pages\/1493\/revisions"}],"predecessor-version":[{"id":5285,"href":"https:\/\/contraloriaestadoamazonas.gob.ve\/amz\/wp-json\/wp\/v2\/pages\/1493\/revisions\/5285"}],"wp:attachment":[{"href":"https:\/\/contraloriaestadoamazonas.gob.ve\/amz\/wp-json\/wp\/v2\/media?parent=1493"}],"curies":[{"name":"wp","href":"https:\/\/api.w.org\/{rel}","templated":true}]}}