{"id":17,"date":"2011-07-30T23:56:55","date_gmt":"2011-07-31T04:26:55","guid":{"rendered":"http:\/\/www.contraloriadeamazonas.com\/amz\/?page_id=17"},"modified":"2016-06-20T09:27:10","modified_gmt":"2016-06-20T13:57:10","slug":"mision-vision","status":"publish","type":"page","link":"https:\/\/contraloriaestadoamazonas.gob.ve\/amz\/mision-vision\/","title":{"rendered":"Historia"},"content":{"rendered":"<p align=\"center\"><strong>Rese\u00f1a Hist\u00f3rica de la Contralor\u00eda General del Estado Amazonas<\/strong><\/p>\n<p style=\"text-align: justify;\"><span style=\"color: #000000;\">El Territorio Federal Amazonas al ser elevado a la categor\u00eda de \u201c<strong>Estado<\/strong>\u201d por el Congreso de la Rep\u00fablica de Venezuela mediante Ley Especial, publicada en Gaceta Oficial <strong>No. 35.015<\/strong> de fecha <strong>29 de Julio de 1992<\/strong>, se hizo necesario\u00a0 que como Estado Aut\u00f3nomo, el mismo estuviera dotado de los \u00f3rganos indispensables para el cumplimiento de las atribuciones y competencias que como entidad p\u00fablica debe ejercer de conformidad a la Constituci\u00f3n y dem\u00e1s Leyes. Es as\u00ed como en la ciudad de Puerto Ayacucho, capital del Estado Amazonas, espec\u00edficamente en el sal\u00f3n de sesiones de la Asamblea Legislativa del Estado, Seg\u00fan Acta N\u00b0 31, en fecha <strong>25 de Marzo de 1993<\/strong>, se celebr\u00f3 una Sesi\u00f3n Ordinaria, mediante la cual se decidi\u00f3, por mayor\u00eda absoluta la designaci\u00f3n y juramentaci\u00f3n del ciudadano <strong>El\u00edas Ocque Muziotti<\/strong> como Contralor General del Estado Amazonas. Y es el<strong> \u00a0\u00a0\u00a0\u00a004 de Abril <\/strong>de ese mismo a\u00f1o cuando se logra tener sede alquilada, para que por primera vez comience a funcionar la Contralor\u00eda en este Estado.<\/span><\/p>\n<p style=\"text-align: justify;\"><span style=\"color: #000000;\">\u00a0Una vez creada la Contralor\u00eda General del Estado Amazonas ella tiene que ce\u00f1ir las funciones que debe cumplir conforme a una normativa\u00a0 especial, de all\u00ed que el <strong>10 de Junio de 1993 <\/strong>\u00a0se aprueba la Ley Org\u00e1nica de la Contralor\u00eda General del Estado Amazonas, publicada en la Gaceta Oficial del Estado Amazonas, A\u00f1o 1, N\u00famero 2 en fecha <strong>09 de Agosto de 1993, <\/strong>N\u00famero Extraordinario,\u00a0 la cual esta destinada a darle soporte jur\u00eddico a esta nueva entidad p\u00fablica dentro de la institucionalidad de esta maravillosa <strong>\u201cTierra M\u00e1gica\u201d,<\/strong> inici\u00e1ndose de esta manera la ardua tarea del Control en el Estado Amazonas.<\/span><\/p>\n<p style=\"text-align: justify;\"><span style=\"color: #000000;\">\u00a0Es<strong> el 11 de Junio de 2009<\/strong>, <strong>que la Contralor\u00eda del Estado Amazonas logra tener sede propia<\/strong>, mediante acto llevado a cabo en las instalaciones ubicadas en la Avenida Orinoco, frente a la Residencia del Gobernador, donde el Gobernador del Estado Amazonas, Licenciado <strong>Liborio Guarulla<\/strong>, le hace entrega formal a la Contralor\u00eda General del Estado Amazonas, representada en ese acto por la Abogada <strong>Leslie<\/strong><strong> Sandoval<\/strong>, en su Car\u00e1cter de Contralora del Estado para ese momento, la sede donde funcionar\u00e1 la Contralor\u00eda del Estado Amazonas, la cual posteriormente, es inaugurada el 13 de Agosto de 2010, por el Gobernador del Estado Amazonas Licenciado <strong>Liborio Guarulla<\/strong>, en presencia del Licenciado <strong>Humberto Rafael G\u00f3mez Far\u00edas<\/strong>, Contralor Provisional de la Contralor\u00eda General del Estado Amazonas desde el 13 de Noviembre de 2009.<\/span><\/p>\n<p><span style=\"color: #000000;\">Cronol\u00f3gicamente fueron designados como Contralores del Estado Amazonas los ciudadanos:<\/span><\/p>\n<p align=\"center\"><span style=\"color: #000000;\"><b>CONTRALORES DEL ESTADO AMAZONAS<\/b><\/span><\/p>\n<p align=\"center\"><span style=\"color: #000000;\"><b>1993 &#8211; 2012<\/b><\/span><\/p>\n<table border=\"1\" width=\"724\" cellspacing=\"0\" cellpadding=\"0\" align=\"left\">\n<tbody>\n<tr>\n<td colspan=\"2\" valign=\"top\" width=\"527\">\n<p align=\"center\"><span style=\"color: #000000;\"><b>CONTRALORES<\/b><\/span><\/p>\n<\/td>\n<td valign=\"top\" width=\"197\">\n<p align=\"center\"><span style=\"color: #000000;\"><b>PERIODOS<\/b><\/span><\/p>\n<\/td>\n<\/tr>\n<tr>\n<td width=\"276\">\n<p align=\"center\"><span style=\"color: #000000;\"><b>El\u00edas Ocque Muziotti<\/b><\/span><\/p>\n<\/td>\n<td valign=\"top\" width=\"250\">\n<p align=\"center\"><span style=\"color: #000000;\">Seg\u00fan Acta de Sesi\u00f3n Ordinaria N\u00ba 31, de la Asamblea Legislativa del Estado Amazonas, de fecha 25 de Marzo de 1993.<\/span><\/p>\n<\/td>\n<td width=\"197\">\n<p align=\"center\"><span style=\"color: #000000;\">1993-1994<\/span><\/p>\n<\/td>\n<\/tr>\n<tr>\n<td width=\"276\">\n<p align=\"center\"><span style=\"color: #000000;\"><b>Zulemma Escalona de Maniglia<\/b><\/span><\/p>\n<\/td>\n<td valign=\"top\" width=\"250\">\n<p align=\"center\"><span style=\"color: #000000;\">Seg\u00fan Acta de entrega de la Contralor\u00eda General del Estado Amazonas, de fecha 15 de Febrero de 1996.<\/span><\/p>\n<\/td>\n<td width=\"197\">\n<p align=\"center\"><span style=\"color: #000000;\">1994-1996<\/span><\/p>\n<\/td>\n<\/tr>\n<tr>\n<td width=\"276\">\n<p align=\"center\"><span style=\"color: #000000;\"><b>Isabel Calder\u00f3n<\/b><\/span><\/p>\n<\/td>\n<td valign=\"top\" width=\"250\">\n<p align=\"center\"><span style=\"color: #000000;\">Seg\u00fan Gaceta Oficial del Estado Amazonas, n\u00famero 14, de fecha 04 de Diciembre de 1996.<\/span><\/p>\n<\/td>\n<td width=\"197\">\n<p align=\"center\"><span style=\"color: #000000;\">1996-1998<\/span><\/p>\n<\/td>\n<\/tr>\n<tr>\n<td width=\"276\">\n<p align=\"center\"><span style=\"color: #000000;\"><b>Nelson Antonio P\u00e9rez<\/b><\/span><\/p>\n<\/td>\n<td valign=\"top\" width=\"250\">\n<p align=\"center\"><span style=\"color: #000000;\">Seg\u00fan Acta de entrega de la Contralor\u00eda General del Estado Amazonas, de fecha 12 de Febrero de 1998.<\/span><\/p>\n<\/td>\n<td width=\"197\">\n<p align=\"center\"><span style=\"color: #000000;\">Febrero 1998 \u2013 Marzo 1998<\/span><\/p>\n<\/td>\n<\/tr>\n<tr>\n<td width=\"276\">\n<p align=\"center\"><span style=\"color: #000000;\"><b>Isabel Calder\u00f3n<\/b><\/span><\/p>\n<\/td>\n<td width=\"250\">\n<p align=\"center\"><span style=\"color: #000000;\">Seg\u00fan Acta de Sesi\u00f3n Ordinaria, de la Asamblea Legislativa del Estado Amazonas, de fecha 11 de Marzo de 1998.<\/span><\/p>\n<\/td>\n<td width=\"197\">\n<p align=\"center\"><span style=\"color: #000000;\">Marzo 1998 \u2013 Abril 1998<\/span><\/p>\n<\/td>\n<\/tr>\n<tr>\n<td width=\"276\">\n<p align=\"center\"><span style=\"color: #000000;\"><b>Pedro Jos\u00e9 Meza<\/b><\/span><\/p>\n<\/td>\n<td valign=\"top\" width=\"250\">\n<p align=\"center\"><span style=\"color: #000000;\">Seg\u00fan Gaceta Oficial del Estado Amazonas, A\u00f1o 06, N\u00ba 04, de fecha 05 de Mayo de 1998, Gaceta Extraordinaria.<\/span><\/p>\n<\/td>\n<td width=\"197\">\n<p align=\"center\"><span style=\"color: #000000;\">Abril 1998 &#8211; Mayo 1998<\/span><\/p>\n<\/td>\n<\/tr>\n<tr>\n<td width=\"276\">\n<p align=\"center\"><span style=\"color: #000000;\"><b>Nelson Antonio P\u00e9rez<\/b><\/span><\/p>\n<\/td>\n<td valign=\"top\" width=\"250\">\n<p align=\"center\"><span style=\"color: #000000;\">Seg\u00fan Acta de entrega de la Contralor\u00eda General del Estado Amazonas, de fecha 29 de Mayo 1998.<\/span><\/p>\n<\/td>\n<td width=\"197\">\n<p align=\"center\"><span style=\"color: #000000;\">Mayo 1998 \u2013 Julio 1998<\/span><\/p>\n<\/td>\n<\/tr>\n<tr>\n<td width=\"276\">\n<p align=\"center\"><span style=\"color: #000000;\"><b>Pedro Jos\u00e9 Meza<\/b><\/span><\/p>\n<\/td>\n<td valign=\"top\" width=\"250\">\n<p align=\"center\"><span style=\"color: #000000;\">Seg\u00fan Gaceta Oficial del Estado Amazonas, A\u00f1o 06, N\u00ba 12, de fecha 04 de Julio de 1998.<\/span><\/p>\n<\/td>\n<td width=\"197\">\n<p align=\"center\"><span style=\"color: #000000;\">Julio 1998- 2000<\/span><\/p>\n<\/td>\n<\/tr>\n<tr>\n<td width=\"276\">\n<p align=\"center\"><span style=\"color: #000000;\"><b>Franya Josefina Rodr\u00edguez (I)<\/b><\/span><\/p>\n<\/td>\n<td valign=\"top\" width=\"250\">\n<p align=\"center\"><span style=\"color: #000000;\">Es nombrada Contralora Interventora; Designada por el Contralor General de la Rep\u00fablica, seg\u00fan Resoluci\u00f3n n\u00famero 01-00-057 de fecha 12 de Julio de 200, publicada en Gaceta Oficial de la Rep\u00fablica Bolivariana de Venezuela N\u00ba 36.992 Ordinaria, de fecha 13 de Julio de 2000.<\/span><\/p>\n<\/td>\n<td width=\"197\">\n<p align=\"center\"><span style=\"color: #000000;\">2000 &#8211; 2002<\/span><\/p>\n<\/td>\n<\/tr>\n<tr>\n<td width=\"276\">\n<p align=\"center\"><span style=\"color: #000000;\"><b>Leslie Josefina Sandoval (E)<\/b><\/span><\/p>\n<\/td>\n<td valign=\"top\" width=\"250\">\n<p align=\"center\"><span style=\"color: #000000;\">Es designada Contralora Encargada de la Contralor\u00eda del Estado Amazonas, seg\u00fan Resoluci\u00f3n n\u00famero 070-01 de fecha 28 de Febrero de 2001, publicada en Gaceta Oficial del Estado Amazonas, A\u00f1o 10, N\u00ba 01, de fecha 07 de Enero de 2002, Extraordinaria.<\/span><\/p>\n<\/td>\n<td width=\"197\">\n<p align=\"center\"><span style=\"color: #000000;\">2002 &#8211; 2009<\/span><\/p>\n<\/td>\n<\/tr>\n<tr>\n<td valign=\"top\" width=\"276\">\n<p align=\"center\"><span style=\"color: #000000;\"><b>Humberto R. G\u00f3mez Far\u00edas (P)<\/b><\/span><\/p>\n<\/td>\n<td valign=\"top\" width=\"250\">\n<p align=\"center\"><span style=\"color: #000000;\">Es nombrado por el Contralor General de la Rep\u00fablica, Contralor Provisional de la Contralor\u00eda General del Estado Amazonas, seg\u00fan Resoluci\u00f3n N\u00ba 01-00-000228, de fecha 06 de Noviembre de 2009, publicada en Gaceta Oficial N\u00ba 39.306, de fecha 13 de Noviembre de 2009.<\/span><\/p>\n<\/td>\n<td valign=\"top\" width=\"197\">\n<p align=\"center\"><span style=\"color: #000000;\">2009-2012<\/span><\/p>\n<\/td>\n<\/tr>\n<tr>\n<td valign=\"top\" width=\"276\">\n<p align=\"center\"><span style=\"color: #000000;\"><b>Guillermo J. Forti Sosa<\/b><\/span><\/p>\n<\/td>\n<td valign=\"top\" width=\"250\">\n<p align=\"center\"><span style=\"color: #000000;\">Es nombrado por la Contralor\u00eda \u00a0General de la Rep\u00fablica, Contralor Provisional de la Contralor\u00eda General del Estado Amazonas, seg\u00fan Resoluci\u00f3n N\u00ba 01-00-000137, de fecha 25 de Junio de 2012, publicada en Gaceta Oficial N\u00ba 39.553, de fecha 27 de Junio de 2012.<\/span><\/p>\n<\/td>\n<td valign=\"top\" width=\"197\">\n<p align=\"center\"><span style=\"color: #000000;\">2012 hasta la Actualidad<\/span><\/p>\n<\/td>\n<\/tr>\n<\/tbody>\n<\/table>\n<p>&nbsp;<\/p>\n","protected":false},"excerpt":{"rendered":"<p>Rese\u00f1a Hist\u00f3rica de la Contralor\u00eda General del Estado Amazonas El Territorio Federal Amazonas al ser elevado a la categor\u00eda de \u201cEstado\u201d por el Congreso de la Rep\u00fablica de Venezuela mediante Ley Especial, publicada en Gaceta Oficial No. 35.015 de fecha &hellip; <a class=\"more-link\" href=\"https:\/\/contraloriaestadoamazonas.gob.ve\/amz\/mision-vision\/\">Sigue leyendo <span class=\"meta-nav\">&rarr;<\/span><\/a><\/p>\n","protected":false},"author":2,"featured_media":0,"parent":0,"menu_order":0,"comment_status":"closed","ping_status":"closed","template":"","meta":{"footnotes":""},"class_list":["post-17","page","type-page","status-publish","hentry"],"_links":{"self":[{"href":"https:\/\/contraloriaestadoamazonas.gob.ve\/amz\/wp-json\/wp\/v2\/pages\/17","targetHints":{"allow":["GET"]}}],"collection":[{"href":"https:\/\/contraloriaestadoamazonas.gob.ve\/amz\/wp-json\/wp\/v2\/pages"}],"about":[{"href":"https:\/\/contraloriaestadoamazonas.gob.ve\/amz\/wp-json\/wp\/v2\/types\/page"}],"author":[{"embeddable":true,"href":"https:\/\/contraloriaestadoamazonas.gob.ve\/amz\/wp-json\/wp\/v2\/users\/2"}],"replies":[{"embeddable":true,"href":"https:\/\/contraloriaestadoamazonas.gob.ve\/amz\/wp-json\/wp\/v2\/comments?post=17"}],"version-history":[{"count":17,"href":"https:\/\/contraloriaestadoamazonas.gob.ve\/amz\/wp-json\/wp\/v2\/pages\/17\/revisions"}],"predecessor-version":[{"id":4582,"href":"https:\/\/contraloriaestadoamazonas.gob.ve\/amz\/wp-json\/wp\/v2\/pages\/17\/revisions\/4582"}],"wp:attachment":[{"href":"https:\/\/contraloriaestadoamazonas.gob.ve\/amz\/wp-json\/wp\/v2\/media?parent=17"}],"curies":[{"name":"wp","href":"https:\/\/api.w.org\/{rel}","templated":true}]}}

<p align="center"><strong>Reseña Histórica de la Contraloría General del Estado Amazonas</strong></p>
<p style="text-align: justify;"><span style="color: #000000;">El Territorio Federal Amazonas al ser elevado a la categoría de “<strong>Estado</strong>” por el Congreso de la República de Venezuela mediante Ley Especial, publicada en Gaceta Oficial <strong>No. 35.015</strong> de fecha <strong>29 de Julio de 1992</strong>, se hizo necesario  que como Estado Autónomo, el mismo estuviera dotado de los órganos indispensables para el cumplimiento de las atribuciones y competencias que como entidad pública debe ejercer de conformidad a la Constitución y demás Leyes. Es así como en la ciudad de Puerto Ayacucho, capital del Estado Amazonas, específicamente en el salón de sesiones de la Asamblea Legislativa del Estado, Según Acta N° 31, en fecha <strong>25 de Marzo de 1993</strong>, se celebró una Sesión Ordinaria, mediante la cual se decidió, por mayoría absoluta la designación y juramentación del ciudadano <strong>Elías Ocque Muziotti</strong> como Contralor General del Estado Amazonas. Y es el<strong>     04 de Abril </strong>de ese mismo año cuando se logra tener sede alquilada, para que por primera vez comience a funcionar la Contraloría en este Estado.</span></p>
<p style="text-align: justify;"><span style="color: #000000;"> Una vez creada la Contraloría General del Estado Amazonas ella tiene que ceñir las funciones que debe cumplir conforme a una normativa  especial, de allí que el <strong>10 de Junio de 1993 </strong> se aprueba la Ley Orgánica de la Contraloría General del Estado Amazonas, publicada en la Gaceta Oficial del Estado Amazonas, Año 1, Número 2 en fecha <strong>09 de Agosto de 1993, </strong>Número Extraordinario,  la cual esta destinada a darle soporte jurídico a esta nueva entidad pública dentro de la institucionalidad de esta maravillosa <strong>“Tierra Mágica”,</strong> iniciándose de esta manera la ardua tarea del Control en el Estado Amazonas.</span></p>
<p style="text-align: justify;"><span style="color: #000000;"> Es<strong> el 11 de Junio de 2009</strong>, <strong>que la Contraloría del Estado Amazonas logra tener sede propia</strong>, mediante acto llevado a cabo en las instalaciones ubicadas en la Avenida Orinoco, frente a la Residencia del Gobernador, donde el Gobernador del Estado Amazonas, Licenciado <strong>Liborio Guarulla</strong>, le hace entrega formal a la Contraloría General del Estado Amazonas, representada en ese acto por la Abogada <strong>Leslie</strong><strong> Sandoval</strong>, en su Carácter de Contralora del Estado para ese momento, la sede donde funcionará la Contraloría del Estado Amazonas, la cual posteriormente, es inaugurada el 13 de Agosto de 2010, por el Gobernador del Estado Amazonas Licenciado <strong>Liborio Guarulla</strong>, en presencia del Licenciado <strong>Humberto Rafael Gómez Farías</strong>, Contralor Provisional de la Contraloría General del Estado Amazonas desde el 13 de Noviembre de 2009.</span></p>
<p><span style="color: #000000;">Cronológicamente fueron designados como Contralores del Estado Amazonas los ciudadanos:</span></p>
<p align="center"><span style="color: #000000;"><b>CONTRALORES DEL ESTADO AMAZONAS</b></span></p>
<p align="center"><span style="color: #000000;"><b>1993 &#8211; 2012</b></span></p>
<table border="1" width="724" cellspacing="0" cellpadding="0" align="left">
<tbody>
<tr>
<td colspan="2" valign="top" width="527">
<p align="center"><span style="color: #000000;"><b>CONTRALORES</b></span></p>
</td>
<td valign="top" width="197">
<p align="center"><span style="color: #000000;"><b>PERIODOS</b></span></p>
</td>
</tr>
<tr>
<td width="276">
<p align="center"><span style="color: #000000;"><b>Elías Ocque Muziotti</b></span></p>
</td>
<td valign="top" width="250">
<p align="center"><span style="color: #000000;">Según Acta de Sesión Ordinaria Nº 31, de la Asamblea Legislativa del Estado Amazonas, de fecha 25 de Marzo de 1993.</span></p>
</td>
<td width="197">
<p align="center"><span style="color: #000000;">1993-1994</span></p>
</td>
</tr>
<tr>
<td width="276">
<p align="center"><span style="color: #000000;"><b>Zulemma Escalona de Maniglia</b></span></p>
</td>
<td valign="top" width="250">
<p align="center"><span style="color: #000000;">Según Acta de entrega de la Contraloría General del Estado Amazonas, de fecha 15 de Febrero de 1996.</span></p>
</td>
<td width="197">
<p align="center"><span style="color: #000000;">1994-1996</span></p>
</td>
</tr>
<tr>
<td width="276">
<p align="center"><span style="color: #000000;"><b>Isabel Calderón</b></span></p>
</td>
<td valign="top" width="250">
<p align="center"><span style="color: #000000;">Según Gaceta Oficial del Estado Amazonas, número 14, de fecha 04 de Diciembre de 1996.</span></p>
</td>
<td width="197">
<p align="center"><span style="color: #000000;">1996-1998</span></p>
</td>
</tr>
<tr>
<td width="276">
<p align="center"><span style="color: #000000;"><b>Nelson Antonio Pérez</b></span></p>
</td>
<td valign="top" width="250">
<p align="center"><span style="color: #000000;">Según Acta de entrega de la Contraloría General del Estado Amazonas, de fecha 12 de Febrero de 1998.</span></p>
</td>
<td width="197">
<p align="center"><span style="color: #000000;">Febrero 1998 – Marzo 1998</span></p>
</td>
</tr>
<tr>
<td width="276">
<p align="center"><span style="color: #000000;"><b>Isabel Calderón</b></span></p>
</td>
<td width="250">
<p align="center"><span style="color: #000000;">Según Acta de Sesión Ordinaria, de la Asamblea Legislativa del Estado Amazonas, de fecha 11 de Marzo de 1998.</span></p>
</td>
<td width="197">
<p align="center"><span style="color: #000000;">Marzo 1998 – Abril 1998</span></p>
</td>
</tr>
<tr>
<td width="276">
<p align="center"><span style="color: #000000;"><b>Pedro José Meza</b></span></p>
</td>
<td valign="top" width="250">
<p align="center"><span style="color: #000000;">Según Gaceta Oficial del Estado Amazonas, Año 06, Nº 04, de fecha 05 de Mayo de 1998, Gaceta Extraordinaria.</span></p>
</td>
<td width="197">
<p align="center"><span style="color: #000000;">Abril 1998 &#8211; Mayo 1998</span></p>
</td>
</tr>
<tr>
<td width="276">
<p align="center"><span style="color: #000000;"><b>Nelson Antonio Pérez</b></span></p>
</td>
<td valign="top" width="250">
<p align="center"><span style="color: #000000;">Según Acta de entrega de la Contraloría General del Estado Amazonas, de fecha 29 de Mayo 1998.</span></p>
</td>
<td width="197">
<p align="center"><span style="color: #000000;">Mayo 1998 – Julio 1998</span></p>
</td>
</tr>
<tr>
<td width="276">
<p align="center"><span style="color: #000000;"><b>Pedro José Meza</b></span></p>
</td>
<td valign="top" width="250">
<p align="center"><span style="color: #000000;">Según Gaceta Oficial del Estado Amazonas, Año 06, Nº 12, de fecha 04 de Julio de 1998.</span></p>
</td>
<td width="197">
<p align="center"><span style="color: #000000;">Julio 1998- 2000</span></p>
</td>
</tr>
<tr>
<td width="276">
<p align="center"><span style="color: #000000;"><b>Franya Josefina Rodríguez (I)</b></span></p>
</td>
<td valign="top" width="250">
<p align="center"><span style="color: #000000;">Es nombrada Contralora Interventora; Designada por el Contralor General de la República, según Resolución número 01-00-057 de fecha 12 de Julio de 200, publicada en Gaceta Oficial de la República Bolivariana de Venezuela Nº 36.992 Ordinaria, de fecha 13 de Julio de 2000.</span></p>
</td>
<td width="197">
<p align="center"><span style="color: #000000;">2000 &#8211; 2002</span></p>
</td>
</tr>
<tr>
<td width="276">
<p align="center"><span style="color: #000000;"><b>Leslie Josefina Sandoval (E)</b></span></p>
</td>
<td valign="top" width="250">
<p align="center"><span style="color: #000000;">Es designada Contralora Encargada de la Contraloría del Estado Amazonas, según Resolución número 070-01 de fecha 28 de Febrero de 2001, publicada en Gaceta Oficial del Estado Amazonas, Año 10, Nº 01, de fecha 07 de Enero de 2002, Extraordinaria.</span></p>
</td>
<td width="197">
<p align="center"><span style="color: #000000;">2002 &#8211; 2009</span></p>
</td>
</tr>
<tr>
<td valign="top" width="276">
<p align="center"><span style="color: #000000;"><b>Humberto R. Gómez Farías (P)</b></span></p>
</td>
<td valign="top" width="250">
<p align="center"><span style="color: #000000;">Es nombrado por el Contralor General de la República, Contralor Provisional de la Contraloría General del Estado Amazonas, según Resolución Nº 01-00-000228, de fecha 06 de Noviembre de 2009, publicada en Gaceta Oficial Nº 39.306, de fecha 13 de Noviembre de 2009.</span></p>
</td>
<td valign="top" width="197">
<p align="center"><span style="color: #000000;">2009-2012</span></p>
</td>
</tr>
<tr>
<td valign="top" width="276">
<p align="center"><span style="color: #000000;"><b>Guillermo J. Forti Sosa</b></span></p>
</td>
<td valign="top" width="250">
<p align="center"><span style="color: #000000;">Es nombrado por la Contraloría  General de la República, Contralor Provisional de la Contraloría General del Estado Amazonas, según Resolución Nº 01-00-000137, de fecha 25 de Junio de 2012, publicada en Gaceta Oficial Nº 39.553, de fecha 27 de Junio de 2012.</span></p>
</td>
<td valign="top" width="197">
<p align="center"><span style="color: #000000;">2012 hasta la Actualidad</span></p>
</td>
</tr>
</tbody>
</table>
<p>&nbsp;</p>

<p>Reseña Histórica de la Contraloría General del Estado Amazonas El Territorio Federal Amazonas al ser elevado a la categoría de “Estado” por el Congreso de la República de Venezuela mediante Ley Especial, publicada en Gaceta Oficial No. 35.015 de fecha &hellip; <a class="more-link" href="https://contraloriaestadoamazonas.gob.ve/amz/mision-vision/">Sigue leyendo <span class="meta-nav">&rarr;</span></a></p>
