{"id":591,"date":"2011-12-01T15:12:24","date_gmt":"2011-12-01T19:42:24","guid":{"rendered":"http:\/\/www.contraloriaestadoamazonas.gob.ve\/amz\/?page_id=591"},"modified":"2026-04-09T09:54:53","modified_gmt":"2026-04-09T14:24:53","slug":"direccion-de-procedimiento-y-determinacion-de-responsabilidad-administrativa","status":"publish","type":"page","link":"https:\/\/contraloriaestadoamazonas.gob.ve\/amz\/direccion-de-procedimiento-y-determinacion-de-responsabilidad-administrativa\/","title":{"rendered":"Direcci\u00f3n de Procedimiento y Determinaci\u00f3n de Responsabilidad Administrativa"},"content":{"rendered":"<p style=\"text-align: center;\"><strong>Abg. Adelis E. Ramirez M.<\/strong><\/p>\n<p><span style=\"text-decoration: underline;\"><b><i>T\u00edtulos Obtenidos:<\/i><\/b><\/span><\/p>\n<ul>\n<li>\n<p><strong>ABOGADO.<\/strong><\/p>\n<\/li>\n<li>\n<p><strong>ACTUALMENTE REALIZANDO ESTUDIOS DE ALTO NIVEL Y SUPERIOR DE POSTGRADO <\/strong><strong>EN DERECHOS HUMANOS IMPARTIDO POR LA UNIVERSIDAD NACIONAL ABIERTA<\/strong><\/p>\n<\/li>\n<\/ul>\n<p><i><span style=\"text-decoration: underline;\">\u00a0<b>Experiencia Profesional Sector P\u00fablico:<\/b><\/span><\/i><\/p>\n<ul>\n<li>\n<p><strong>IPASME PUERTO AYACUCHO, <\/strong>CARGO SECRETARIA DESDE EL 01\/12\/2004 HASTA EL 26\/02\/2007<\/p>\n<\/li>\n<li>\n<p><strong>ABOGADO ADJUNTO <\/strong>I EN LA FISCAL\u00cdA SEGUNDA DE DELITOS COMUNES MENOS GRAVES<\/p>\n<p><strong>MINISTERIO P\u00daBLICO: <\/strong>DESDE EL A\u00d1O 2015 HASTA EL A\u00d1O 2022 EN DONDE DESEMPE\u00d1E LOS SIGUIENTES CARGOS: DURANTE 03 A\u00d1OS<strong>.<\/strong><\/p>\n<p><strong>ABOGADO ADJUNTO <\/strong>EN LA FISCAL\u00cdA QUINTA DE RESPONSABILIDAD PENAL DEL ADOLESCENTE DURANTE 03 A\u00d1OS<\/p>\n<p><strong>FISCAL AUXILIAR SUPERIOR <\/strong>DEL ESTADO AMAZONAS DURANTE 02 A\u00d1OS<\/p>\n<p><strong>FISCAL AUXILIAR SUPERIOR <\/strong>DEL ESTADO AMAZONAS ENCARGADA DE LA FISCAL\u00cdA DE VIOLENCIA DE G\u00c9NERO DURANTE 01 MES.<\/p>\n<\/li>\n<\/ul>\n<p><b><i><span style=\"text-decoration: underline;\">Cursos \u2013 Talleres:<\/span><\/i><\/b><\/p>\n<ul>\n<li style=\"list-style-type: none;\">\n<ul>\n<li>OFFICE 2000<\/li>\n<li>WINDOWS Y MICROSOFT EXCEL, WORD, AVANZADO DE EXCEL<\/li>\n<li>SISTEMA OPERATIVO LINUX SUSE<\/li>\n<li>FORMACI\u00d3N DE EQUIPOS DE ALTO DESEMPE\u00d1O PROACTIVO AL SERVICIO.<\/li>\n<li>CURSO DEL RECORRIDO DEL JUICIO CONTENCIOSO ADMINISTRATIVO Y FORMAS DE ATACARLO<\/li>\n<li>CURSO DE ORATORIA FORENSE.<\/li>\n<\/ul>\n<\/li>\n<\/ul>\n<p style=\"text-align: center;\"><strong>Misi\u00f3n.<\/strong><\/p>\n<p style=\"text-align: justify;\">Constituir los procedimientos administrativos de multas y determinaci\u00f3n de responsabilidades administrativas, bajo los lineamientos estrat\u00e9gicos del Despacho del Contralor y con fundamento a la potestad sancionatoria de los \u00f3rganos de control externo contenido en la Ley Org\u00e1nica de la Contralor\u00eda General de la Rep\u00fablica y del Sistema Nacional de Control Fiscal y su Reglamento, en concordancia con los lineamientos del Plan Estrat\u00e9gico del Sistema Nacional de Control Fiscal 2016-2021. As\u00ed como prestar el apoyo al resto de las direcciones, unidades u oficinas para el mejor desempe\u00f1o y cumplimiento de sus funciones.\u00a0\u00a0<\/p>\n<p style=\"text-align: center;\"><strong>Visi\u00f3n.<\/strong><\/p>\n<p style=\"text-align: justify;\">Constituirse en una Direcci\u00f3n con capacidad funcional para llevar, los procedimientos administrativos, formulaci\u00f3n de multas, reparos y la determinaci\u00f3n de responsabilidades administrativas conforme a los lineamientos rectores de la Contralor\u00eda General de la Rep\u00fablica, a fin de fortalecer la funci\u00f3n contralora, promoviendo una correcta y transparente Administraci\u00f3n P\u00fablica Estadal.<\/p>\n<p style=\"text-align: center;\"><strong>Objetivo General.<\/strong><\/p>\n<p style=\"text-align: justify;\">Realizar las actuaciones que sean necesarias a objeto de verificar la ocurrencia de actos, hechos u omisiones contrarios a una disposici\u00f3n legal o sub-legal, a los efectos de aplicar las sanciones que pudieran derivar del procedimiento para la Determinaci\u00f3n de Responsabilidad Administrativa, imposici\u00f3n de multas y reparos de acuerdo a la ley Org\u00e1nica de la Contralor\u00eda General de la Rep\u00fablica y del Sistema Nacional de Control Fiscal y su Reglamento.<\/p>\n\n\n<p><\/p>\n","protected":false},"excerpt":{"rendered":"<p>Abg. Adelis E. Ramirez M. T\u00edtulos Obtenidos: ABOGADO. ACTUALMENTE REALIZANDO ESTUDIOS DE ALTO NIVEL Y SUPERIOR DE POSTGRADO EN DERECHOS HUMANOS IMPARTIDO POR LA UNIVERSIDAD NACIONAL ABIERTA \u00a0Experiencia Profesional Sector P\u00fablico: IPASME PUERTO AYACUCHO, CARGO SECRETARIA DESDE EL 01\/12\/2004 HASTA &hellip; <a class=\"more-link\" href=\"https:\/\/contraloriaestadoamazonas.gob.ve\/amz\/direccion-de-procedimiento-y-determinacion-de-responsabilidad-administrativa\/\">Sigue leyendo <span class=\"meta-nav\">&rarr;<\/span><\/a><\/p>\n","protected":false},"author":2,"featured_media":0,"parent":0,"menu_order":0,"comment_status":"closed","ping_status":"closed","template":"","meta":{"footnotes":""},"class_list":["post-591","page","type-page","status-publish","hentry"],"_links":{"self":[{"href":"https:\/\/contraloriaestadoamazonas.gob.ve\/amz\/wp-json\/wp\/v2\/pages\/591","targetHints":{"allow":["GET"]}}],"collection":[{"href":"https:\/\/contraloriaestadoamazonas.gob.ve\/amz\/wp-json\/wp\/v2\/pages"}],"about":[{"href":"https:\/\/contraloriaestadoamazonas.gob.ve\/amz\/wp-json\/wp\/v2\/types\/page"}],"author":[{"embeddable":true,"href":"https:\/\/contraloriaestadoamazonas.gob.ve\/amz\/wp-json\/wp\/v2\/users\/2"}],"replies":[{"embeddable":true,"href":"https:\/\/contraloriaestadoamazonas.gob.ve\/amz\/wp-json\/wp\/v2\/comments?post=591"}],"version-history":[{"count":14,"href":"https:\/\/contraloriaestadoamazonas.gob.ve\/amz\/wp-json\/wp\/v2\/pages\/591\/revisions"}],"predecessor-version":[{"id":5212,"href":"https:\/\/contraloriaestadoamazonas.gob.ve\/amz\/wp-json\/wp\/v2\/pages\/591\/revisions\/5212"}],"wp:attachment":[{"href":"https:\/\/contraloriaestadoamazonas.gob.ve\/amz\/wp-json\/wp\/v2\/media?parent=591"}],"curies":[{"name":"wp","href":"https:\/\/api.w.org\/{rel}","templated":true}]}}

Dirección de Procedimiento y Determinación de Responsabilidad Administrativa

<p style="text-align: center;"><strong>Abg. Adelis E. Ramirez M.</strong></p>
<p><span style="text-decoration: underline;"><b><i>Títulos Obtenidos:</i></b></span></p>
<ul>
<li>
<p><strong>ABOGADO.</strong></p>
</li>
<li>
<p><strong>ACTUALMENTE REALIZANDO ESTUDIOS DE ALTO NIVEL Y SUPERIOR DE POSTGRADO </strong><strong>EN DERECHOS HUMANOS IMPARTIDO POR LA UNIVERSIDAD NACIONAL ABIERTA</strong></p>
</li>
</ul>
<p><i><span style="text-decoration: underline;"> <b>Experiencia Profesional Sector Público:</b></span></i></p>
<ul>
<li>
<p><strong>IPASME PUERTO AYACUCHO, </strong>CARGO SECRETARIA DESDE EL 01/12/2004 HASTA EL 26/02/2007</p>
</li>
<li>
<p><strong>ABOGADO ADJUNTO </strong>I EN LA FISCALÍA SEGUNDA DE DELITOS COMUNES MENOS GRAVES</p>
<p><strong>MINISTERIO PÚBLICO: </strong>DESDE EL AÑO 2015 HASTA EL AÑO 2022 EN DONDE DESEMPEÑE LOS SIGUIENTES CARGOS: DURANTE 03 AÑOS<strong>.</strong></p>
<p><strong>ABOGADO ADJUNTO </strong>EN LA FISCALÍA QUINTA DE RESPONSABILIDAD PENAL DEL ADOLESCENTE DURANTE 03 AÑOS</p>
<p><strong>FISCAL AUXILIAR SUPERIOR </strong>DEL ESTADO AMAZONAS DURANTE 02 AÑOS</p>
<p><strong>FISCAL AUXILIAR SUPERIOR </strong>DEL ESTADO AMAZONAS ENCARGADA DE LA FISCALÍA DE VIOLENCIA DE GÉNERO DURANTE 01 MES.</p>
</li>
</ul>
<p><b><i><span style="text-decoration: underline;">Cursos – Talleres:</span></i></b></p>
<ul>
<li style="list-style-type: none;">
<ul>
<li>OFFICE 2000</li>
<li>WINDOWS Y MICROSOFT EXCEL, WORD, AVANZADO DE EXCEL</li>
<li>SISTEMA OPERATIVO LINUX SUSE</li>
<li>FORMACIÓN DE EQUIPOS DE ALTO DESEMPEÑO PROACTIVO AL SERVICIO.</li>
<li>CURSO DEL RECORRIDO DEL JUICIO CONTENCIOSO ADMINISTRATIVO Y FORMAS DE ATACARLO</li>
<li>CURSO DE ORATORIA FORENSE.</li>
</ul>
</li>
</ul>
<p style="text-align: center;"><strong>Misión.</strong></p>
<p style="text-align: justify;">Constituir los procedimientos administrativos de multas y determinación de responsabilidades administrativas, bajo los lineamientos estratégicos del Despacho del Contralor y con fundamento a la potestad sancionatoria de los órganos de control externo contenido en la Ley Orgánica de la Contraloría General de la República y del Sistema Nacional de Control Fiscal y su Reglamento, en concordancia con los lineamientos del Plan Estratégico del Sistema Nacional de Control Fiscal 2016-2021. Así como prestar el apoyo al resto de las direcciones, unidades u oficinas para el mejor desempeño y cumplimiento de sus funciones.  </p>
<p style="text-align: center;"><strong>Visión.</strong></p>
<p style="text-align: justify;">Constituirse en una Dirección con capacidad funcional para llevar, los procedimientos administrativos, formulación de multas, reparos y la determinación de responsabilidades administrativas conforme a los lineamientos rectores de la Contraloría General de la República, a fin de fortalecer la función contralora, promoviendo una correcta y transparente Administración Pública Estadal.</p>
<p style="text-align: center;"><strong>Objetivo General.</strong></p>
<p style="text-align: justify;">Realizar las actuaciones que sean necesarias a objeto de verificar la ocurrencia de actos, hechos u omisiones contrarios a una disposición legal o sub-legal, a los efectos de aplicar las sanciones que pudieran derivar del procedimiento para la Determinación de Responsabilidad Administrativa, imposición de multas y reparos de acuerdo a la ley Orgánica de la Contraloría General de la República y del Sistema Nacional de Control Fiscal y su Reglamento.</p>


<p></p>

<p>Abg. Adelis E. Ramirez M. Títulos Obtenidos: ABOGADO. ACTUALMENTE REALIZANDO ESTUDIOS DE ALTO NIVEL Y SUPERIOR DE POSTGRADO EN DERECHOS HUMANOS IMPARTIDO POR LA UNIVERSIDAD NACIONAL ABIERTA  Experiencia Profesional Sector Público: IPASME PUERTO AYACUCHO, CARGO SECRETARIA DESDE EL 01/12/2004 HASTA &hellip; <a class="more-link" href="https://contraloriaestadoamazonas.gob.ve/amz/direccion-de-procedimiento-y-determinacion-de-responsabilidad-administrativa/">Sigue leyendo <span class="meta-nav">&rarr;</span></a></p>
