{"id":594,"date":"2011-12-01T15:16:20","date_gmt":"2011-12-01T19:46:20","guid":{"rendered":"http:\/\/www.contraloriaestadoamazonas.gob.ve\/amz\/?page_id=594"},"modified":"2026-04-09T10:41:41","modified_gmt":"2026-04-09T15:11:41","slug":"oficina-de-atencion-al-ciudadano","status":"publish","type":"page","link":"https:\/\/contraloriaestadoamazonas.gob.ve\/amz\/oficina-de-atencion-al-ciudadano\/","title":{"rendered":"Oficina de Atenci\u00f3n al Ciudadano"},"content":{"rendered":"<address style=\"text-align: center;\"><strong><em>.<\/em><\/strong><\/address><address>\u00a0 \u00a0 \u00a0 \u00a0 \u00a0 \u00a0 \u00a0 \u00a0 \u00a0 \u00a0 \u00a0 \u00a0 \u00a0 \u00a0 \u00a0 \u00a0 \u00a0 \u00a0 \u00a0 \u00a0 \u00a0 \u00a0 \u00a0 \u00a0 \u00a0 \u00a0 \u00a0 \u00a0 \u00a0 \u00a0 \u00a0 \u00a0 \u00a0 \u00a0Richard E. Camico C.<\/address><address style=\"text-align: center;\"><em>Jefe de la Oficina de Atenci\u00f3n al Ciudadano.<\/em><\/address>\n<p align=\"center\"><em>\u00a0<\/em><\/p>\n<p><strong><em>T\u00edtulos Obtenidos: <\/em><\/strong><\/p>\n<ul>\n<li style=\"text-align: justify;\">\n<p><b>Licenciado en Administraci\u00f3n Menci\u00f3n Recursos Materiales y Financieros <\/b><b>(Universidad Nacional Experimental Sim\u00f3n Rodr\u00edguez, Puerto Ayacucho Edo <\/b><b>Amazonas 2017-2021) <\/b><\/p>\n<\/li>\n<li style=\"text-align: justify;\">\n<p><b><\/b><b>Profesor Especialista en Matem\u00e1ticas (Universidad Nacional Experimental del <\/b><b>Magisterio Samuel Robinson, Puerto Ayacucho Edo Amazonas 2021-(07-11-2025) <\/b><\/p>\n<\/li>\n<\/ul>\n<p><em>\u00a0<\/em><strong><em>Experiencia profesional: <\/em><\/strong><\/p>\n<ul>\n<li>Operador de Computaci\u00f3n (Inv. Mercatradona C.a. Puerto Ayacucho Edo. Amazonas 1998.<\/li>\n<li>Cajero (Inv. Mercatradona C.a Puerto Ayacucho Edo Amazonas 2003.<\/li>\n<li>Facilitador Misi\u00f3n Sucre- Maroa Edo Amazonas 2005<\/li>\n<li>Facilitador Misi\u00f3n Ribas \u2013 Maroa Edo Amazonas 2004<\/li>\n<li>Coordinador de Programa y Supervisi\u00f3n de Misiones (Alcald\u00eda Bolivariana del Municipio Maroa, Maroa Edo Amazonas2005)<\/li>\n<li>Coordinador del Centro Electoral CNE- Yavita-Edo Amazonas 2005<\/li>\n<li>Coordinador Inces y la Misi\u00f3n Vuelvan Caras 2 del Municipio Maroa 2007<\/li>\n<li>Jefe del Comando Miranda en el Municipio Maroa 2006<\/li>\n<li>Coordinador de Programa y Supervisi\u00f3n de Misiones (Alcald\u00eda Bolivariana del Municipio Maroa, Maroa Edo Amazonas 2008)<\/li>\n<li>Auxiliar Municipal del 7mo Censo Agr\u00edcola-Maroa Edo Amazonas 2008<\/li>\n<li>Miembro Voluntario del Comando Municipal \u201cMoral y Luces\u201d- Maroa Edo Amazonas 2008<\/li>\n<li>Asistente de Planificaci\u00f3n y Presupuesto del Instituto Aut\u00f3nomo para la Conservaci\u00f3n del Patrimonio y Fomento de la Cultura- Puerto Ayacucho Edo Amazonas 2009.<\/li>\n<li>Empleado del Ministerio del Poder Popular para la Educaci\u00f3n- Cargos desempe\u00f1ados:<\/li>\n<li>Verificador de la Direcci\u00f3n de Evaluaci\u00f3n Registro y Control de Estudio en la Zona Educativa del Estado Amazonas 2012<\/li>\n<li>Coordinador de la Unidad de Relaciones Publica de la Zona Educativa del Estado Amazonas- Puerto Ayacucho Edo Amazonas 2013<\/li>\n<li>Apoyo T\u00e9cnico Coordinaci\u00f3n de Cultura de la Zona Educativa del Estado Amazonas Puerto Ayacucho Edo Amazonas 2014<\/li>\n<li>Docente de m\u00fasica \u2013Percusi\u00f3n Latina; Escuela de m\u00fasica y Danza Venezuela. \u2013 2015<\/li>\n<li>Formador de Socio- Pol\u00edtica INCES Amazonas; Formador de Formadores; Maestro INCES- 2008-2016<\/li>\n<li>Profesor de Matem\u00e1tica y F\u00edsica de 4to y 5to A\u00f1o en el Liceo Bolivariano Santiago Aguerrevere. 2020 \u2013 2023.<\/li>\n<li>Coordinador de Gesti\u00f3n y Tecnolog\u00eda en Fundacite Amazonas \u2013 (2023).<\/li>\n<li>Profesor de Matem\u00e1ticas y F\u00edsica en la Universidad de la Ciencias de la Salud Hugo Ch\u00e1vez (UCS) (2022) -(2023)<\/li>\n<li>Promotor Integral III en la Contralor\u00eda del Estado Amazonas (2024).<\/li>\n<li>Profesor de Matem\u00e1tica, Modalidad Media General, en la U. E. Monse\u00f1or Enrique de Ferrari. (2023-2024)<\/li>\n<li>Coordinador de Planificaci\u00f3n del C.E Monse\u00f1or Enrique de Ferrari (2024)<\/li>\n<li>Coordinador Residente del Complejo Educativo Santiago Aguerrevere en la Modalidad de J\u00f3venes y Adultos (2024)<\/li>\n<li><strong>Profesor Universitario en la Universidad Nacional Experimental Sim\u00f3n Rodr\u00edguez UNESR (Actualmente). <\/strong><\/li>\n<li><strong>Director del Complejo Educativo Manuel Antonio Henr\u00edquez Fuentes de la Modalidad <\/strong><\/li>\n<\/ul>\n<p><strong><em>\u00a0<\/em><\/strong><strong>CURSOS REALIZADOS <\/strong><\/p>\n<ul>\n<li>Curso B\u00e1sico de Ingles, Puerto Ayacucho-Edo Amazonas 1999<\/li>\n<li>Curso B\u00e1sico de Internet, Caracas Distrito Capital 2000<\/li>\n<li>Curso Office 2000, Puerto Ayacucho Estado Amazonas 2000<\/li>\n<li>Curso de Socio Pol\u00edtica, Misi\u00f3n Vuelvan Caras 2006<\/li>\n<li>Curso de Did\u00e1ctica Constructiva, Puerto Ayacucho Estado Amazonas 2006<\/li>\n<li>Curso de Cooperativismo, Puerto Ayacucho Estado Amazonas 2006<\/li>\n<li>Curso 7mo Censo Agr\u00edcola Nacional, Puerto Ayacucho Edo Amazonas 2007<\/li>\n<li>Curso de Did\u00e1ctica Constructiva, La Morita Estado Aragua 2008<\/li>\n<li>Curso de Planificaci\u00f3n Basada en Necesidades Sociales, La Morita Estado Aragua 2008<\/li>\n<li>Curso Cultura en Curso, Puerto Ayacucho Estado Amazonas 2009<\/li>\n<li>Mapas de Soluciones-Agenda Concreta de Acci\u00f3n. Escuela Venezolana de Planificaci\u00f3n 2022<\/li>\n<li>Curso de Cadenas Productivas, Soberan\u00eda Nacional y Plan de la Patria. Escuela Venezolana de Planificaci\u00f3n 2022<\/li>\n<li>Curso de Gerencia y Transformaci\u00f3n Estrat\u00e9gica. Escuela Venezolana de Planificaci\u00f3n 2022<\/li>\n<\/ul>\n<p>\u00a0<\/p>\n<p><strong>TALLERES REALIZADOS <\/strong><\/p>\n<ul>\n<li>Taller de Cooperativismo, Maroa Estado Amazonas 2004<\/li>\n<li>Taller de Inducci\u00f3n a los Facilitadores y Coordinadores de la Misi\u00f3n Ribas, Maroa stado Amazonas 2004<\/li>\n<li>Taller de Inducci\u00f3n al Nuevo Modelo Curricular, Maroa Estado Amazonas 2004<\/li>\n<li>Seminario Taller Regional de la Integraci\u00f3n Educacional desde y para la Comunidad Educativa, Puerto Ayacucho Estado Amazonas 2009<\/li>\n<li>Taller Propuesta de la Normativa legal Sobre la Conformaci\u00f3n y Funcionamiento de las Comunidades Educativas Regi\u00f3n Sur, Puerto Ayacucho Estado Amazonas 2010<\/li>\n<li>Delegado pleno Consejo Nacional Indio de Venezuela (CONIVE) en el VI Congreso Nacional, Caracas 2012<\/li>\n<li>Seminario de Aspecto legales de la Gerencia en la pr\u00e1ctica profesional de los Licenciados en Administraci\u00f3n en Venezuela (Colegio de Licenciado en Administraci\u00f3n del Estado Amazonas CLAEA 2024).<\/li>\n<li>XVI Jornada de Investigaci\u00f3n Educativa y VII Congreso Internacional en Educaci\u00f3n (UCV-EUS Amazonas 19-06-2025)<\/li>\n<\/ul>\n<p><strong>\u00a0 \u00a0 \u00a0 \u00a0 \u00a0 \u00a0 \u00a0 \u00a0 \u00a0 \u00a0 \u00a0 \u00a0 \u00a0 \u00a0 \u00a0 \u00a0 \u00a0 \u00a0 \u00a0 \u00a0 \u00a0 \u00a0Misi\u00f3n de la Oficina de Atenci\u00f3n al Ciudadano.<\/strong><\/p>\n<p>Asesorar de manera oportuna a los ciudadanos para la soluci\u00f3n de asuntos relacionados con las funciones de esta instituci\u00f3n; promocionando la formaci\u00f3n en el \u00e1rea de la participaci\u00f3n ciudadana y orientando a disposici\u00f3n de la colectividad un medio que les permita ejercer el control fiscal y control social de manera directa, organizada, individual o colectiva sobre la gesti\u00f3n p\u00fablica estadal.<\/p>\n<p style=\"text-align: center;\"><span style=\"color: #000000;\"><strong>Visi\u00f3n <strong>de la Oficina de Atenci\u00f3n al Ciudadano.<\/strong><\/strong><\/span><\/p>\n<p>Constituirse como un medio efectivo de apoyo a la comunidad organizada fomentando la participaci\u00f3n ciudadana y el control social a trav\u00e9s de charlas, talleres, conversatorios, entre otros, buscando el mejoramiento de la calidad de vida de la colectividad amazonense.<\/p>\n<p style=\"text-align: center;\"><span style=\"color: #000000;\"><strong>Objetivo General <strong>de la Oficina de Atenci\u00f3n al Ciudadano.<\/strong><\/strong><\/span><\/p>\n<p style=\"text-align: justify;\"><span style=\"color: #000000;\">Promover la participaci\u00f3n ciudadana; suministrando de forma oportuna, adecuada y efectiva, la informaci\u00f3n requerida; atendiendo denuncias, quejas, reclamos, sugerencias y peticiones; y en general resolver las solicitudes formuladas por los ciudadanos.<\/span><\/p>\n\n\n<p><\/p>\n","protected":false},"excerpt":{"rendered":"<p>. \u00a0 \u00a0 \u00a0 \u00a0 \u00a0 \u00a0 \u00a0 \u00a0 \u00a0 \u00a0 \u00a0 \u00a0 \u00a0 \u00a0 \u00a0 \u00a0 \u00a0 \u00a0 \u00a0 \u00a0 \u00a0 \u00a0 \u00a0 \u00a0 \u00a0 \u00a0 \u00a0 \u00a0 \u00a0 \u00a0 \u00a0 \u00a0 \u00a0 \u00a0Richard E. Camico C. Jefe de &hellip; <a class=\"more-link\" href=\"https:\/\/contraloriaestadoamazonas.gob.ve\/amz\/oficina-de-atencion-al-ciudadano\/\">Sigue leyendo <span class=\"meta-nav\">&rarr;<\/span><\/a><\/p>\n","protected":false},"author":2,"featured_media":0,"parent":0,"menu_order":0,"comment_status":"closed","ping_status":"closed","template":"","meta":{"footnotes":""},"class_list":["post-594","page","type-page","status-publish","hentry"],"_links":{"self":[{"href":"https:\/\/contraloriaestadoamazonas.gob.ve\/amz\/wp-json\/wp\/v2\/pages\/594","targetHints":{"allow":["GET"]}}],"collection":[{"href":"https:\/\/contraloriaestadoamazonas.gob.ve\/amz\/wp-json\/wp\/v2\/pages"}],"about":[{"href":"https:\/\/contraloriaestadoamazonas.gob.ve\/amz\/wp-json\/wp\/v2\/types\/page"}],"author":[{"embeddable":true,"href":"https:\/\/contraloriaestadoamazonas.gob.ve\/amz\/wp-json\/wp\/v2\/users\/2"}],"replies":[{"embeddable":true,"href":"https:\/\/contraloriaestadoamazonas.gob.ve\/amz\/wp-json\/wp\/v2\/comments?post=594"}],"version-history":[{"count":12,"href":"https:\/\/contraloriaestadoamazonas.gob.ve\/amz\/wp-json\/wp\/v2\/pages\/594\/revisions"}],"predecessor-version":[{"id":5231,"href":"https:\/\/contraloriaestadoamazonas.gob.ve\/amz\/wp-json\/wp\/v2\/pages\/594\/revisions\/5231"}],"wp:attachment":[{"href":"https:\/\/contraloriaestadoamazonas.gob.ve\/amz\/wp-json\/wp\/v2\/media?parent=594"}],"curies":[{"name":"wp","href":"https:\/\/api.w.org\/{rel}","templated":true}]}}

Oficina de Atención al Ciudadano

<address style="text-align: center;"><strong><em>.</em></strong></address><address>                                                                   Richard E. Camico C.</address><address style="text-align: center;"><em>Jefe de la Oficina de Atención al Ciudadano.</em></address>
<p align="center"><em> </em></p>
<p><strong><em>Títulos Obtenidos: </em></strong></p>
<ul>
<li style="text-align: justify;">
<p><b>Licenciado en Administración Mención Recursos Materiales y Financieros </b><b>(Universidad Nacional Experimental Simón Rodríguez, Puerto Ayacucho Edo </b><b>Amazonas 2017-2021) </b></p>
</li>
<li style="text-align: justify;">
<p><b></b><b>Profesor Especialista en Matemáticas (Universidad Nacional Experimental del </b><b>Magisterio Samuel Robinson, Puerto Ayacucho Edo Amazonas 2021-(07-11-2025) </b></p>
</li>
</ul>
<p><em> </em><strong><em>Experiencia profesional: </em></strong></p>
<ul>
<li>Operador de Computación (Inv. Mercatradona C.a. Puerto Ayacucho Edo. Amazonas 1998.</li>
<li>Cajero (Inv. Mercatradona C.a Puerto Ayacucho Edo Amazonas 2003.</li>
<li>Facilitador Misión Sucre- Maroa Edo Amazonas 2005</li>
<li>Facilitador Misión Ribas – Maroa Edo Amazonas 2004</li>
<li>Coordinador de Programa y Supervisión de Misiones (Alcaldía Bolivariana del Municipio Maroa, Maroa Edo Amazonas2005)</li>
<li>Coordinador del Centro Electoral CNE- Yavita-Edo Amazonas 2005</li>
<li>Coordinador Inces y la Misión Vuelvan Caras 2 del Municipio Maroa 2007</li>
<li>Jefe del Comando Miranda en el Municipio Maroa 2006</li>
<li>Coordinador de Programa y Supervisión de Misiones (Alcaldía Bolivariana del Municipio Maroa, Maroa Edo Amazonas 2008)</li>
<li>Auxiliar Municipal del 7mo Censo Agrícola-Maroa Edo Amazonas 2008</li>
<li>Miembro Voluntario del Comando Municipal “Moral y Luces”- Maroa Edo Amazonas 2008</li>
<li>Asistente de Planificación y Presupuesto del Instituto Autónomo para la Conservación del Patrimonio y Fomento de la Cultura- Puerto Ayacucho Edo Amazonas 2009.</li>
<li>Empleado del Ministerio del Poder Popular para la Educación- Cargos desempeñados:</li>
<li>Verificador de la Dirección de Evaluación Registro y Control de Estudio en la Zona Educativa del Estado Amazonas 2012</li>
<li>Coordinador de la Unidad de Relaciones Publica de la Zona Educativa del Estado Amazonas- Puerto Ayacucho Edo Amazonas 2013</li>
<li>Apoyo Técnico Coordinación de Cultura de la Zona Educativa del Estado Amazonas Puerto Ayacucho Edo Amazonas 2014</li>
<li>Docente de música –Percusión Latina; Escuela de música y Danza Venezuela. – 2015</li>
<li>Formador de Socio- Política INCES Amazonas; Formador de Formadores; Maestro INCES- 2008-2016</li>
<li>Profesor de Matemática y Física de 4to y 5to Año en el Liceo Bolivariano Santiago Aguerrevere. 2020 – 2023.</li>
<li>Coordinador de Gestión y Tecnología en Fundacite Amazonas – (2023).</li>
<li>Profesor de Matemáticas y Física en la Universidad de la Ciencias de la Salud Hugo Chávez (UCS) (2022) -(2023)</li>
<li>Promotor Integral III en la Contraloría del Estado Amazonas (2024).</li>
<li>Profesor de Matemática, Modalidad Media General, en la U. E. Monseñor Enrique de Ferrari. (2023-2024)</li>
<li>Coordinador de Planificación del C.E Monseñor Enrique de Ferrari (2024)</li>
<li>Coordinador Residente del Complejo Educativo Santiago Aguerrevere en la Modalidad de Jóvenes y Adultos (2024)</li>
<li><strong>Profesor Universitario en la Universidad Nacional Experimental Simón Rodríguez UNESR (Actualmente). </strong></li>
<li><strong>Director del Complejo Educativo Manuel Antonio Henríquez Fuentes de la Modalidad </strong></li>
</ul>
<p><strong><em> </em></strong><strong>CURSOS REALIZADOS </strong></p>
<ul>
<li>Curso Básico de Ingles, Puerto Ayacucho-Edo Amazonas 1999</li>
<li>Curso Básico de Internet, Caracas Distrito Capital 2000</li>
<li>Curso Office 2000, Puerto Ayacucho Estado Amazonas 2000</li>
<li>Curso de Socio Política, Misión Vuelvan Caras 2006</li>
<li>Curso de Didáctica Constructiva, Puerto Ayacucho Estado Amazonas 2006</li>
<li>Curso de Cooperativismo, Puerto Ayacucho Estado Amazonas 2006</li>
<li>Curso 7mo Censo Agrícola Nacional, Puerto Ayacucho Edo Amazonas 2007</li>
<li>Curso de Didáctica Constructiva, La Morita Estado Aragua 2008</li>
<li>Curso de Planificación Basada en Necesidades Sociales, La Morita Estado Aragua 2008</li>
<li>Curso Cultura en Curso, Puerto Ayacucho Estado Amazonas 2009</li>
<li>Mapas de Soluciones-Agenda Concreta de Acción. Escuela Venezolana de Planificación 2022</li>
<li>Curso de Cadenas Productivas, Soberanía Nacional y Plan de la Patria. Escuela Venezolana de Planificación 2022</li>
<li>Curso de Gerencia y Transformación Estratégica. Escuela Venezolana de Planificación 2022</li>
</ul>
<p> </p>
<p><strong>TALLERES REALIZADOS </strong></p>
<ul>
<li>Taller de Cooperativismo, Maroa Estado Amazonas 2004</li>
<li>Taller de Inducción a los Facilitadores y Coordinadores de la Misión Ribas, Maroa stado Amazonas 2004</li>
<li>Taller de Inducción al Nuevo Modelo Curricular, Maroa Estado Amazonas 2004</li>
<li>Seminario Taller Regional de la Integración Educacional desde y para la Comunidad Educativa, Puerto Ayacucho Estado Amazonas 2009</li>
<li>Taller Propuesta de la Normativa legal Sobre la Conformación y Funcionamiento de las Comunidades Educativas Región Sur, Puerto Ayacucho Estado Amazonas 2010</li>
<li>Delegado pleno Consejo Nacional Indio de Venezuela (CONIVE) en el VI Congreso Nacional, Caracas 2012</li>
<li>Seminario de Aspecto legales de la Gerencia en la práctica profesional de los Licenciados en Administración en Venezuela (Colegio de Licenciado en Administración del Estado Amazonas CLAEA 2024).</li>
<li>XVI Jornada de Investigación Educativa y VII Congreso Internacional en Educación (UCV-EUS Amazonas 19-06-2025)</li>
</ul>
<p><strong>                                           Misión de la Oficina de Atención al Ciudadano.</strong></p>
<p>Asesorar de manera oportuna a los ciudadanos para la solución de asuntos relacionados con las funciones de esta institución; promocionando la formación en el área de la participación ciudadana y orientando a disposición de la colectividad un medio que les permita ejercer el control fiscal y control social de manera directa, organizada, individual o colectiva sobre la gestión pública estadal.</p>
<p style="text-align: center;"><span style="color: #000000;"><strong>Visión <strong>de la Oficina de Atención al Ciudadano.</strong></strong></span></p>
<p>Constituirse como un medio efectivo de apoyo a la comunidad organizada fomentando la participación ciudadana y el control social a través de charlas, talleres, conversatorios, entre otros, buscando el mejoramiento de la calidad de vida de la colectividad amazonense.</p>
<p style="text-align: center;"><span style="color: #000000;"><strong>Objetivo General <strong>de la Oficina de Atención al Ciudadano.</strong></strong></span></p>
<p style="text-align: justify;"><span style="color: #000000;">Promover la participación ciudadana; suministrando de forma oportuna, adecuada y efectiva, la información requerida; atendiendo denuncias, quejas, reclamos, sugerencias y peticiones; y en general resolver las solicitudes formuladas por los ciudadanos.</span></p>


<p></p>
