{"id":606,"date":"2011-12-02T08:39:30","date_gmt":"2011-12-02T13:09:30","guid":{"rendered":"http:\/\/www.contraloriaestadoamazonas.gob.ve\/amz\/?page_id=606"},"modified":"2026-04-09T08:43:25","modified_gmt":"2026-04-09T13:13:25","slug":"unidad-de-recursos-humanos-y-adiestramiento","status":"publish","type":"page","link":"https:\/\/contraloriaestadoamazonas.gob.ve\/amz\/unidad-de-recursos-humanos-y-adiestramiento\/","title":{"rendered":"Direcci\u00f3n de Recursos Humanos y Adiestramiento"},"content":{"rendered":"<address style=\"text-align: center;\">\u00a0<\/address>\n<address style=\"text-align: center;\"><b>Audrey C. Rivas m.<\/b><\/address>\n<address style=\"text-align: center;\"><b>Directora de Recursos Humanos y Adiestramiento<br \/>\n<\/b><\/address>\n<p><b><i>T\u00edtulos Obtenidos:<\/i><\/b><\/p>\n<ul>\n<li>S.U., Colegio Universitario Monse\u00f1or de Talavera (C.U.M.T.) Administraci\u00f3n, Menci\u00f3n: Personal.<\/li>\n<li>Licenciatura, Universidad Nacional Experimental Sim\u00f3n Rodriguez (U.N.E.S.R.) Administraci\u00f3n, Menci\u00f3n: Recursos Humanos.<\/li>\n<li>Especialista en Gerencia de Recursos Humanos, Universidad Nacional Experimental de las Fuerzas Armadas (U.N.E.F.A. )<\/li>\n<li>Maestria en Gerencia Administrativa, Universidad Nacional Experimental Romulo Gallegos (U.N.E. R.G.) ( En espera de Acto de Grado).<\/li>\n<\/ul>\n<p><b><i>Experiencia Profesional Sector P\u00fablico:<\/i><\/b><\/p>\n<ul>\n<li>Asistente de Personal, (Unidad Civico Militar de Producci\u00f3n (U.C.M.P.), Departamento de Administraci\u00f3n). 2000<\/li>\n<li>N\u00f3mina, (52 Brigada de Infanteria de Selva (52 B.R.I.N.F.S.) Departamento de Bienestar Social. 2000<\/li>\n<li>Alguacil Penal (Circuito Judicial Penal del estado Amazonas) 2007-2008<\/li>\n<li>Auditor I, (Contraloria del estado Amazonas, Unidad de Auditoria Interna). 2009<\/li>\n<li>Analista de Personal II, (Contraloria del estado Amazonas, Unidad de Recursos Humanos) 2010-2013<\/li>\n<li>Analista de Personal III, (Contraloria del estado Amazonas, Direcci\u00f3n de Recursos Humanos y Adiestramiento). 2014-2015<\/li>\n<li>Coordinadora de Recursos Humanos y Adiestramiento, (Contraloria del estado Amazonas, Direcci\u00f3n de Recursos Humanos y Adiestramiento). 2016-2018<\/li>\n<li>Coordinadora de la Oficina de Atenci\u00f3n al Ciudadano, (Contraloria del estado Amazonas, Oficina de Atenci\u00f3n al Ciudadano). 2018-2018<\/li>\n<li>Directora de Recursos Humanos y Adiestramiento, (Contraloria del estado Amazonas, Direcci\u00f3n de Recursos Humanos y Adiestramiento). 2018 hasta la fecha.<\/li>\n<\/ul>\n<p><b><i>Cursos:<\/i><\/b><\/p>\n<ul>\n<li>\u201cOffice 2000\u201d a\u00f1o 2001.<\/li>\n<li>\u201cWindows\u201d a\u00f1o 2001.<\/li>\n<li>\u201c Seminario Taller de Formaci\u00f3n de Promotores Sociales y Cooperativismo\u201d a\u00f1o 2001.<\/li>\n<li>\u201cExcel Avanzado\u201d a\u00f1o 2003.<\/li>\n<li>\u201cTaller de Orientaciones Administrativas para los Organos y Entidades Estadales y Municipales\u201d a\u00f1o 2011.<\/li>\n<li>\u201cConferencia sobre la Ley Org\u00e1nica del Trabajo, los Trabajadores y las Trabajadoras\u201d a\u00f1o 2012.<\/li>\n<li>\u201cExcel Avanzado\u201d a\u00f1o 2012.<\/li>\n<li>\u201cTaller Formaci\u00f3n Ciudadana y Rescate de Valores\u201d a\u00f1o 2013.<\/li>\n<li>\u201cI Jornada de la Ley Org\u00e1nica del Trabajo, Trabajadores y Trabajadoras, C\u00e1lculo de Prestaciones Sociales y Otras Remuneraciones de Car\u00e1cter Salarial\u201d a\u00f1o 2013.<\/li>\n<li>\u201cTaller De la Etica al Control\u201d a\u00f1o 2014.<\/li>\n<li>\u201cTaller sobre el Procedimiento a seguir para la Tramitaci\u00f3n de las Jubilaciones Especiales\u201d a\u00f1o 2015.<\/li>\n<li>\u201cRelaciones Humanas\u201d a\u00f1o 2017.<\/li>\n<li>\u201cElaboraci\u00f3n, Suscripci\u00f3n y Presentaci\u00f3n del Acta de Entrega de los Organos de la Administraci\u00f3n P\u00fablica\u201d (COFAE) a\u00f1o 2022.<\/li>\n<li>Seminario Basico, \u201cFacturacion en moneda extranjera. Tratamiento Contable y Fiscal\u201d. A\u00f1o 2022.<\/li>\n<li>\u201cEl ABC de la Auditoria de Estado (Virtual)\u201d 2022.<\/li>\n<li>\u201cPrimeros Auxilios\u201d 2022.<\/li>\n<li>\u201cTaller de Formacion y Capacitacion de Comisario Mercantil\u201d 2022.<\/li>\n<li>\u201cConferencia Audiovisual sobre Criptomonedas, como nueva forma de fortalecimiento de la econom\u00eda nacional y mundial\u201d 2022.<\/li>\n<li>\u201cTaller de Planificacion y Presupuesto Publico\u201d. Marzo 2024.<\/li>\n<li>\u201cOrtografia y Redaccion\u201d 2025.<\/li>\n<\/ul>\n<p style=\"text-align: center;\"><em>\u00a0<\/em><strong>Misi\u00f3n <strong>de la Direcci\u00f3n de Recursos Humanos y Adiestramiento.<\/strong><br \/>\n<\/strong><\/p>\n<p style=\"text-align: justify;\">Planificar y dirigir el dise\u00f1o, implementaci\u00f3n y ejecuci\u00f3n de programas en materia de desarrollo de administraci\u00f3n de recursos humanos en funci\u00f3n de la integraci\u00f3n de \u00e9stos con el enfoque de la Contralor\u00eda, y as\u00ed ser una Direcci\u00f3n de vanguardia en la gesti\u00f3n e innovaci\u00f3n del recurso humano, que en un ambiente de calidad y con valores compartidos, asume con criterios de excelencia sustentabilidad y competitividad un liderazgo transformador.<\/p>\n<p style=\"text-align: center;\"><strong>Visi\u00f3n <strong><strong>de la Direcci\u00f3n de Recursos Humanos y Adiestramiento.<\/strong><\/strong><\/strong><\/p>\n<p style=\"text-align: justify;\">Ser una Direcci\u00f3n de vanguardia en la gesti\u00f3n e innovaci\u00f3n del recurso humano, bajo un ambiente ergon\u00f3mico y con valores compartidos, donde se asuma con criterios de excelencia sustentabilidad y competitividad un liderazgo transformador.<\/p>\n<p style=\"text-align: center;\"><strong>Objetivo General <strong><strong>de la Direcci\u00f3n de Recursos Humanos y Adiestramiento.<\/strong><\/strong><\/strong><\/p>\n<p style=\"text-align: justify;\">Planificar, aplicar y controlar con objetividad y efectividad los lineamientos t\u00e9cnicos en el desarrollo de los planes y programas del recurso humano, para adaptar las normas y procedimientos seg\u00fan las necesidades del sistema de recursos humanos, en aras de alcanzar un \u00f3ptimo clima organizacional que permita el mejor provecho de las capacidades humanas.<\/p>\n","protected":false},"excerpt":{"rendered":"<p>\u00a0 Audrey C. Rivas m. Directora de Recursos Humanos y Adiestramiento T\u00edtulos Obtenidos: S.U., Colegio Universitario Monse\u00f1or de Talavera (C.U.M.T.) Administraci\u00f3n, Menci\u00f3n: Personal. Licenciatura, Universidad Nacional Experimental Sim\u00f3n Rodriguez (U.N.E.S.R.) Administraci\u00f3n, Menci\u00f3n: Recursos Humanos. Especialista en Gerencia de Recursos Humanos, &hellip; <a class=\"more-link\" href=\"https:\/\/contraloriaestadoamazonas.gob.ve\/amz\/unidad-de-recursos-humanos-y-adiestramiento\/\">Sigue leyendo <span class=\"meta-nav\">&rarr;<\/span><\/a><\/p>\n","protected":false},"author":2,"featured_media":0,"parent":0,"menu_order":0,"comment_status":"closed","ping_status":"closed","template":"","meta":{"footnotes":""},"class_list":["post-606","page","type-page","status-publish","hentry"],"_links":{"self":[{"href":"https:\/\/contraloriaestadoamazonas.gob.ve\/amz\/wp-json\/wp\/v2\/pages\/606","targetHints":{"allow":["GET"]}}],"collection":[{"href":"https:\/\/contraloriaestadoamazonas.gob.ve\/amz\/wp-json\/wp\/v2\/pages"}],"about":[{"href":"https:\/\/contraloriaestadoamazonas.gob.ve\/amz\/wp-json\/wp\/v2\/types\/page"}],"author":[{"embeddable":true,"href":"https:\/\/contraloriaestadoamazonas.gob.ve\/amz\/wp-json\/wp\/v2\/users\/2"}],"replies":[{"embeddable":true,"href":"https:\/\/contraloriaestadoamazonas.gob.ve\/amz\/wp-json\/wp\/v2\/comments?post=606"}],"version-history":[{"count":13,"href":"https:\/\/contraloriaestadoamazonas.gob.ve\/amz\/wp-json\/wp\/v2\/pages\/606\/revisions"}],"predecessor-version":[{"id":5193,"href":"https:\/\/contraloriaestadoamazonas.gob.ve\/amz\/wp-json\/wp\/v2\/pages\/606\/revisions\/5193"}],"wp:attachment":[{"href":"https:\/\/contraloriaestadoamazonas.gob.ve\/amz\/wp-json\/wp\/v2\/media?parent=606"}],"curies":[{"name":"wp","href":"https:\/\/api.w.org\/{rel}","templated":true}]}}

Dirección de Recursos Humanos y Adiestramiento

<address style="text-align: center;"> </address>
<address style="text-align: center;"><b>Audrey C. Rivas m.</b></address>
<address style="text-align: center;"><b>Directora de Recursos Humanos y Adiestramiento<br />
</b></address>
<p><b><i>Títulos Obtenidos:</i></b></p>
<ul>
<li>S.U., Colegio Universitario Monseñor de Talavera (C.U.M.T.) Administración, Mención: Personal.</li>
<li>Licenciatura, Universidad Nacional Experimental Simón Rodriguez (U.N.E.S.R.) Administración, Mención: Recursos Humanos.</li>
<li>Especialista en Gerencia de Recursos Humanos, Universidad Nacional Experimental de las Fuerzas Armadas (U.N.E.F.A. )</li>
<li>Maestria en Gerencia Administrativa, Universidad Nacional Experimental Romulo Gallegos (U.N.E. R.G.) ( En espera de Acto de Grado).</li>
</ul>
<p><b><i>Experiencia Profesional Sector Público:</i></b></p>
<ul>
<li>Asistente de Personal, (Unidad Civico Militar de Producción (U.C.M.P.), Departamento de Administración). 2000</li>
<li>Nómina, (52 Brigada de Infanteria de Selva (52 B.R.I.N.F.S.) Departamento de Bienestar Social. 2000</li>
<li>Alguacil Penal (Circuito Judicial Penal del estado Amazonas) 2007-2008</li>
<li>Auditor I, (Contraloria del estado Amazonas, Unidad de Auditoria Interna). 2009</li>
<li>Analista de Personal II, (Contraloria del estado Amazonas, Unidad de Recursos Humanos) 2010-2013</li>
<li>Analista de Personal III, (Contraloria del estado Amazonas, Dirección de Recursos Humanos y Adiestramiento). 2014-2015</li>
<li>Coordinadora de Recursos Humanos y Adiestramiento, (Contraloria del estado Amazonas, Dirección de Recursos Humanos y Adiestramiento). 2016-2018</li>
<li>Coordinadora de la Oficina de Atención al Ciudadano, (Contraloria del estado Amazonas, Oficina de Atención al Ciudadano). 2018-2018</li>
<li>Directora de Recursos Humanos y Adiestramiento, (Contraloria del estado Amazonas, Dirección de Recursos Humanos y Adiestramiento). 2018 hasta la fecha.</li>
</ul>
<p><b><i>Cursos:</i></b></p>
<ul>
<li>“Office 2000” año 2001.</li>
<li>“Windows” año 2001.</li>
<li>“ Seminario Taller de Formación de Promotores Sociales y Cooperativismo” año 2001.</li>
<li>“Excel Avanzado” año 2003.</li>
<li>“Taller de Orientaciones Administrativas para los Organos y Entidades Estadales y Municipales” año 2011.</li>
<li>“Conferencia sobre la Ley Orgánica del Trabajo, los Trabajadores y las Trabajadoras” año 2012.</li>
<li>“Excel Avanzado” año 2012.</li>
<li>“Taller Formación Ciudadana y Rescate de Valores” año 2013.</li>
<li>“I Jornada de la Ley Orgánica del Trabajo, Trabajadores y Trabajadoras, Cálculo de Prestaciones Sociales y Otras Remuneraciones de Carácter Salarial” año 2013.</li>
<li>“Taller De la Etica al Control” año 2014.</li>
<li>“Taller sobre el Procedimiento a seguir para la Tramitación de las Jubilaciones Especiales” año 2015.</li>
<li>“Relaciones Humanas” año 2017.</li>
<li>“Elaboración, Suscripción y Presentación del Acta de Entrega de los Organos de la Administración Pública” (COFAE) año 2022.</li>
<li>Seminario Basico, “Facturacion en moneda extranjera. Tratamiento Contable y Fiscal”. Año 2022.</li>
<li>“El ABC de la Auditoria de Estado (Virtual)” 2022.</li>
<li>“Primeros Auxilios” 2022.</li>
<li>“Taller de Formacion y Capacitacion de Comisario Mercantil” 2022.</li>
<li>“Conferencia Audiovisual sobre Criptomonedas, como nueva forma de fortalecimiento de la economía nacional y mundial” 2022.</li>
<li>“Taller de Planificacion y Presupuesto Publico”. Marzo 2024.</li>
<li>“Ortografia y Redaccion” 2025.</li>
</ul>
<p style="text-align: center;"><em> </em><strong>Misión <strong>de la Dirección de Recursos Humanos y Adiestramiento.</strong><br />
</strong></p>
<p style="text-align: justify;">Planificar y dirigir el diseño, implementación y ejecución de programas en materia de desarrollo de administración de recursos humanos en función de la integración de éstos con el enfoque de la Contraloría, y así ser una Dirección de vanguardia en la gestión e innovación del recurso humano, que en un ambiente de calidad y con valores compartidos, asume con criterios de excelencia sustentabilidad y competitividad un liderazgo transformador.</p>
<p style="text-align: center;"><strong>Visión <strong><strong>de la Dirección de Recursos Humanos y Adiestramiento.</strong></strong></strong></p>
<p style="text-align: justify;">Ser una Dirección de vanguardia en la gestión e innovación del recurso humano, bajo un ambiente ergonómico y con valores compartidos, donde se asuma con criterios de excelencia sustentabilidad y competitividad un liderazgo transformador.</p>
<p style="text-align: center;"><strong>Objetivo General <strong><strong>de la Dirección de Recursos Humanos y Adiestramiento.</strong></strong></strong></p>
<p style="text-align: justify;">Planificar, aplicar y controlar con objetividad y efectividad los lineamientos técnicos en el desarrollo de los planes y programas del recurso humano, para adaptar las normas y procedimientos según las necesidades del sistema de recursos humanos, en aras de alcanzar un óptimo clima organizacional que permita el mejor provecho de las capacidades humanas.</p>

<p>  Audrey C. Rivas m. Directora de Recursos Humanos y Adiestramiento Títulos Obtenidos: S.U., Colegio Universitario Monseñor de Talavera (C.U.M.T.) Administración, Mención: Personal. Licenciatura, Universidad Nacional Experimental Simón Rodriguez (U.N.E.S.R.) Administración, Mención: Recursos Humanos. Especialista en Gerencia de Recursos Humanos, &hellip; <a class="more-link" href="https://contraloriaestadoamazonas.gob.ve/amz/unidad-de-recursos-humanos-y-adiestramiento/">Sigue leyendo <span class="meta-nav">&rarr;</span></a></p>
