{"id":620,"date":"2011-12-02T10:12:16","date_gmt":"2011-12-02T14:42:16","guid":{"rendered":"http:\/\/www.contraloriaestadoamazonas.gob.ve\/amz\/?page_id=620"},"modified":"2026-04-10T09:24:12","modified_gmt":"2026-04-10T13:54:12","slug":"unidad-tecnica-de-planificacion-e-informatica","status":"publish","type":"page","link":"https:\/\/contraloriaestadoamazonas.gob.ve\/amz\/unidad-tecnica-de-planificacion-e-informatica\/","title":{"rendered":"Direcci\u00f3n de Tecnolog\u00eda e Informaci\u00f3n"},"content":{"rendered":"<p style=\"text-align: center;\">Esp. Fredashley J. Lugo B.<\/p>\n<p style=\"text-align: justify;\"><span style=\"text-decoration: underline;\"><b><i>T\u00edtulos Obtenidos:<\/i><\/b><\/span><\/p>\n<ul style=\"text-align: justify;\">\n<li><i>Graduado como Ingeniero de Sistemas en la Universidad Nacional Experimental Polit\u00e9cnica de la Fuerza Armada.<\/i><\/li>\n<li><i>Graduado como Magister en Gerencia P\u00fablica en la Universidad Nacional Experimental Polit\u00e9cnica de la Fuerza Armada.<\/i><\/li>\n<\/ul>\n<p style=\"text-align: justify;\"><i><span style=\"text-decoration: underline;\"><b>Experiencia Laboral:<\/b><\/span><\/i><\/p>\n<p><strong><u>SERVICIO MILITAR.<\/u><\/strong> 521 BATALL\u00d3N DE INFANTER\u00cdA DE SELVA GENERAL EN JEFE RAFAEL URDANETA, DEL ESTADO AMAZONAS.<\/p>\n<p><strong><u>ANALISTA DE INFORM\u00c1TICA I.<\/u><\/strong> CONTRALOR\u00cdA DEL ESTADO AMAZONAS.<\/p>\n<p><strong><u>ANALISTA DE INFORM\u00c1TICA II.<\/u> <\/strong>CONTRALOR\u00cdA DEL ESTADO AMAZONAS.<\/p>\n<p><strong><u>ANALISTA DE SISTEMAS III:<\/u><\/strong> CONTRALOR\u00cdA DEL ESTADO AMAZONAS.<\/p>\n<p><strong><u>JEFE DE LA UNIDAD T\u00c9CNICA DE PLANIFICACI\u00d3N E INFORM\u00c1TICA:<\/u><\/strong> CONTRALOR\u00cdA DEL ESTADO AMAZONAS.\u00a0<\/p>\n<p><strong><u>DIRECTOR DE TECNOLOG\u00cdA E INFORMACI\u00d3N:<\/u><\/strong> CONTRALOR\u00cdA DEL ESTADO AMAZONAS.\u00a0<\/p>\n<p><b style=\"font-size: revert; color: initial;\"><i><span style=\"text-decoration: underline;\">Cursos \u2013 Talleres:<\/span><\/i><\/b><\/p>\n<p><strong><u>ENSAMBLE Y MANTENIMIENTO DE COMPUTADORAS<\/u><\/strong>, INSTITUTO AMAZONAS. DURACI\u00d3N 1 MES. 2010<\/p>\n<p><strong><u>VISUAL BASIC 6.0<\/u>,<\/strong> INCES\u00a0 AMAZONAS. DURACI\u00d3N 20 HORAS. 2010<\/p>\n<p><strong><u>ADMINISTRACI\u00d3N EN LAS COOPERATIVAS<\/u><\/strong>, SUNACOOP. DURACI\u00d3N 12 HORAS. 2010<\/p>\n<p><strong><u>ENSAMBLE Y MANTENIMIENTO DE COMPUTADORAS NIVEL 2<\/u><\/strong>, INSTITUTO AMAZONAS. DURACI\u00d3N 2 MESES. 2011<\/p>\n<p><strong><u>CURSO INTRODUCTORIO A LINUX CANAIMA (PLAN DE MIGRACI\u00d3N A SOFTWARE LIBRE,<\/u><\/strong> UNEFA AMAZONAS. DURACI\u00d3N 30 HORAS. 2011<\/p>\n<p><strong><u>MANTENIMIENTO DE INSTALACIONES EL\u00c9CTRICAS RESIDENCIALES, <\/u><\/strong>INCES\u00a0 AMAZONAS. DURACI\u00d3N 346 HORAS. 2011<\/p>\n<p><strong><u>SEGURIDAD INDUSTRIAL,<\/u><\/strong> INCES\u00a0 AMAZONAS. DURACI\u00d3N 6 SEMANAS. 2011<\/p>\n<p><strong><u>ELECTRICIDAD B\u00c1SICA,<\/u><\/strong> INCES\u00a0 AMAZONAS. DURACI\u00d3N 6 SEMANAS. \u00a02011<\/p>\n<p><strong><u>ORATORIA FORENSE<\/u>,<\/strong> INSTITUTO DE ESTUDIOS JUR\u00cdDICOS \u201cLUIS ARCADIO BARRIOS\u201d DEL COLEGIO DE ABOGADOS DEL ESTADO AMAZONAS Y LA\u00a0 ASOCIACI\u00d3N CIVIL \u201cFORO LIBRE\u201d. DURACI\u00d3N 12 HORAS ACAD\u00c9MICAS. 2011<\/p>\n<p><strong><u>CONFERENCIA SOBRE LA LEY ORG\u00c1NICA DEL TRABAJO, LOS TRABAJADORES Y LAS TRABAJADORAS. <\/u><\/strong>COORDINACI\u00d3N DEL TRABAJO DEL ESTADO AMAZONAS. DURACI\u00d3N 6 HORAS. 2012<\/p>\n<p><strong><u>COMPONENTE GENERAL, <\/u><\/strong>INCES\u00a0 AMAZONAS. DURACI\u00d3N 66 HORAS. 2012<\/p>\n<p><strong><u>OPERADOR DE MICRO (USUARIO FINAL LINUX),<\/u><\/strong> FUNDACITE AMAZONAS. DURACI\u00d3N 20 HORAS. 2012<\/p>\n<p><strong><u>INTRODUCCI\u00d3N AL DISE\u00d1O GRAFICO (PLATAFORMA LINUX),<\/u><\/strong> ACADEMIA DE TECNOLOG\u00cdAS LIBRES DE AMAZONAS (ATLA). DURACI\u00d3N 20 HORAS. 2012<\/p>\n<p><strong><u>LINUX AVANZADO\u00a0 (SOPORTE T\u00c9CNICO),<\/u><\/strong> FUNDACITE AMAZONAS. DURACI\u00d3N 140 HORAS. 2012<\/p>\n<p><strong><u>MYSQL (LINUX),<\/u><\/strong> FUNDACITE AMAZONAS. DURACI\u00d3N 40 HORAS. 2013<\/p>\n<p><strong><u>PROGRAMACI\u00d3N EN PHYTON,<\/u><\/strong> FUNDACITE AMAZONAS. DURACI\u00d3N 40 HORAS. 2013<\/p>\n<p><strong><u>PROGRAMACI\u00d3N EN JAVA,<\/u><\/strong> FUNDACITE AMAZONAS. DURACI\u00d3N 40 HORAS. 2013<\/p>\n<p><strong><u>EMSABLE DE PC,<\/u><\/strong> FUNDACITE AMAZONAS. DURACI\u00d3N 20 HORAS. 2013<\/p>\n<p><strong><u>SOPORTE T\u00c9CNICO I Y II,<\/u><\/strong> FUNDACITE AMAZONAS. DURACI\u00d3N 80 HORAS. 2013<\/p>\n<p><strong><u>JOOMLA (CMS),<\/u><\/strong> FUNDACITE AMAZONAS. DURACI\u00d3N 40 HORAS. 2013<\/p>\n<p><strong><u>EL ABC DE LA AUDITOR\u00cdA DE ESTADO<\/u><\/strong><strong><u>,<\/u><\/strong> COFAE, INSTITUTO DE ALTOS ESTUDIOS DE CONTROL FISCAL Y AUDITOR\u00cdA DE ESTADO. DURACI\u00d3N 24 HORAS. 2022<\/p>\n<p><strong><u>ELABORACI\u00d3N, SUSCRIPCI\u00d3N Y PRESENTACI\u00d3N DEL ACATA DE ENTREGA DE LOS \u00d3RGANOS DE LA ADMINISTRACI\u00d3N PUBLICA,<\/u><\/strong> COFAE, INSTITUTO DE ALTOS ESTUDIOS DE CONTROL FISCAL Y AUDITOR\u00cdA DE ESTADO. DURACI\u00d3N 8 HORAS. 2022<\/p>\n<p><strong><u>PLANIFICACI\u00d3N Y PRESUPUESTO P\u00daBLICO,<\/u><\/strong> COFAE, INSTITUTO DE ALTOS ESTUDIOS DE CONTROL FISCAL Y AUDITOR\u00cdA DE ESTADO. DURACI\u00d3N 16 HORAS. 2024<\/p>\n<p><strong><u>CURSO DE \u201cORTOGRAF\u00cdA Y REDACCI\u00d3N<\/u><\/strong><em><u>:<\/u> INCES AMAZONAS, A\u00d1O 2025.<\/em><\/p>\n<p style=\"text-align: justify;\"><i>\u00a0 \u00a0 \u00a0 \u00a0 \u00a0 \u00a0 \u00a0 \u00a0 \u00a0 \u00a0 \u00a0 \u00a0 \u00a0 \u00a0 \u00a0 \u00a0 \u00a0 \u00a0 \u00a0 \u00a0 \u00a0 \u00a0 \u00a0 \u00a0 \u00a0 \u00a0 \u00a0 \u00a0 \u00a0 \u00a0 \u00a0 \u00a0 \u00a0 \u00a0 \u00a0 \u00a0 \u00a0 \u00a0 <\/i><strong>Misi\u00f3n.<\/strong><\/p>\n<p style=\"text-align: justify;\">Gestionar los proyectos y\/o soluciones electr\u00f3nicas, inform\u00e1ticas y de telecomunicaciones, que viabilicen la operatividad y seguridad de los procesos y trabajos que se desarrollan en este \u00f3rgano de control, as\u00ed como la modernizaci\u00f3n tecnol\u00f3gica, encaminados a la sustentaci\u00f3n de la infraestructura existente, y al crecimiento que se genere en la instituci\u00f3n.<\/p>\n<p style=\"text-align: center;\"><strong>Visi\u00f3n.<\/strong><\/p>\n<p style=\"text-align: justify;\">Consolidarnos como una Direcci\u00f3n innovadora, que permita la unificaci\u00f3n de informaci\u00f3n y criterios en la organizaci\u00f3n y distribuci\u00f3n de los recursos de la Contralor\u00eda del Estado Amazonas, basados en la productividad de la organizaci\u00f3n, promoviendo la eficiencia y eficacia en los procesos t\u00e9cnicos y sistemas de control, a trav\u00e9s de la estandarizaci\u00f3n de los mismos con la puesta en pr\u00e1ctica de mecanismos de coordinaci\u00f3n y evaluaci\u00f3n que garanticen el logro de los objetivos establecidos.<\/p>\n<p style=\"text-align: center;\"><strong>Objetivo General.<\/strong><\/p>\n<p style=\"text-align: justify;\">Proveer soluciones tecnol\u00f3gicas integrales y soporte t\u00e9cnico especializado a las dependencias de la instituci\u00f3n, asegurando el resguardo, la actualizaci\u00f3n constante de la infraestructura y la simplificaci\u00f3n metodol\u00f3gica de los procesos digitales.<\/p>\n<p><strong>\u00a0 \u00a0 \u00a0 \u00a0 \u00a0 \u00a0 \u00a0 \u00a0 \u00a0 \u00a0 \u00a0 \u00a0 \u00a0 \u00a0 \u00a0 \u00a0 \u00a0 \u00a0 \u00a0 \u00a0Descripci\u00f3n breve de las Actividades del \u00c1rea Organizacional: <\/strong><\/p>\n<p style=\"text-align: justify;\">La direcci\u00f3n de tecnolog\u00eda desarrolla pol\u00edticas dirigidas al fortalecimiento de la gesti\u00f3n institucional, a trav\u00e9s de la planeaci\u00f3n, organizaci\u00f3n, control de sistemas e investigaci\u00f3n para formular estrategias metodol\u00f3gicas de formas sencilla que puedan ser comprendidas por todos los usuarios de la Contralor\u00eda del Estado Amazonas; as\u00ed como el uso adecuado de los equipos de inform\u00e1tica garantizando el resguardo, mantenimiento y actualizaci\u00f3n de la informaci\u00f3n.<\/p>\n\n\n<p><\/p>\n","protected":false},"excerpt":{"rendered":"<p>Esp. Fredashley J. Lugo B. T\u00edtulos Obtenidos: Graduado como Ingeniero de Sistemas en la Universidad Nacional Experimental Polit\u00e9cnica de la Fuerza Armada. Graduado como Magister en Gerencia P\u00fablica en la Universidad Nacional Experimental Polit\u00e9cnica de la Fuerza Armada. Experiencia Laboral: &hellip; <a class=\"more-link\" href=\"https:\/\/contraloriaestadoamazonas.gob.ve\/amz\/unidad-tecnica-de-planificacion-e-informatica\/\">Sigue leyendo <span class=\"meta-nav\">&rarr;<\/span><\/a><\/p>\n","protected":false},"author":2,"featured_media":0,"parent":0,"menu_order":0,"comment_status":"closed","ping_status":"closed","template":"","meta":{"footnotes":""},"class_list":["post-620","page","type-page","status-publish","hentry"],"_links":{"self":[{"href":"https:\/\/contraloriaestadoamazonas.gob.ve\/amz\/wp-json\/wp\/v2\/pages\/620","targetHints":{"allow":["GET"]}}],"collection":[{"href":"https:\/\/contraloriaestadoamazonas.gob.ve\/amz\/wp-json\/wp\/v2\/pages"}],"about":[{"href":"https:\/\/contraloriaestadoamazonas.gob.ve\/amz\/wp-json\/wp\/v2\/types\/page"}],"author":[{"embeddable":true,"href":"https:\/\/contraloriaestadoamazonas.gob.ve\/amz\/wp-json\/wp\/v2\/users\/2"}],"replies":[{"embeddable":true,"href":"https:\/\/contraloriaestadoamazonas.gob.ve\/amz\/wp-json\/wp\/v2\/comments?post=620"}],"version-history":[{"count":18,"href":"https:\/\/contraloriaestadoamazonas.gob.ve\/amz\/wp-json\/wp\/v2\/pages\/620\/revisions"}],"predecessor-version":[{"id":5287,"href":"https:\/\/contraloriaestadoamazonas.gob.ve\/amz\/wp-json\/wp\/v2\/pages\/620\/revisions\/5287"}],"wp:attachment":[{"href":"https:\/\/contraloriaestadoamazonas.gob.ve\/amz\/wp-json\/wp\/v2\/media?parent=620"}],"curies":[{"name":"wp","href":"https:\/\/api.w.org\/{rel}","templated":true}]}}