{"id":745,"date":"2011-12-12T09:49:18","date_gmt":"2011-12-12T14:19:18","guid":{"rendered":"http:\/\/www.contraloriaestadoamazonas.gob.ve\/amz\/?page_id=745"},"modified":"2011-12-15T09:43:12","modified_gmt":"2011-12-15T14:13:12","slug":"galeria-de-imagenes","status":"publish","type":"page","link":"https:\/\/contraloriaestadoamazonas.gob.ve\/amz\/galeria-de-imagenes\/","title":{"rendered":"Galer\u00eda de Im\u00e1genes"},"content":{"rendered":"<p>Algunos Talleres dictados por la Oficina de Atenci\u00f3n al Ciudadano<\/p>\n<p><center>[fgallery id=3 w=630 h=385 t=0 title=\u00bbGaler\u00eda de Im\u00e1genes\u00bb]<\/center><\/p>\n","protected":false},"excerpt":{"rendered":"<p>Algunos Talleres dictados por la Oficina de Atenci\u00f3n al Ciudadano [fgallery id=3 w=630 h=385 t=0 title=\u00bbGaler\u00eda de Im\u00e1genes\u00bb]<\/p>\n","protected":false},"author":2,"featured_media":0,"parent":0,"menu_order":0,"comment_status":"closed","ping_status":"closed","template":"","meta":{"footnotes":""},"class_list":["post-745","page","type-page","status-publish","hentry"],"_links":{"self":[{"href":"https:\/\/contraloriaestadoamazonas.gob.ve\/amz\/wp-json\/wp\/v2\/pages\/745","targetHints":{"allow":["GET"]}}],"collection":[{"href":"https:\/\/contraloriaestadoamazonas.gob.ve\/amz\/wp-json\/wp\/v2\/pages"}],"about":[{"href":"https:\/\/contraloriaestadoamazonas.gob.ve\/amz\/wp-json\/wp\/v2\/types\/page"}],"author":[{"embeddable":true,"href":"https:\/\/contraloriaestadoamazonas.gob.ve\/amz\/wp-json\/wp\/v2\/users\/2"}],"replies":[{"embeddable":true,"href":"https:\/\/contraloriaestadoamazonas.gob.ve\/amz\/wp-json\/wp\/v2\/comments?post=745"}],"version-history":[{"count":7,"href":"https:\/\/contraloriaestadoamazonas.gob.ve\/amz\/wp-json\/wp\/v2\/pages\/745\/revisions"}],"predecessor-version":[{"id":748,"href":"https:\/\/contraloriaestadoamazonas.gob.ve\/amz\/wp-json\/wp\/v2\/pages\/745\/revisions\/748"}],"wp:attachment":[{"href":"https:\/\/contraloriaestadoamazonas.gob.ve\/amz\/wp-json\/wp\/v2\/media?parent=745"}],"curies":[{"name":"wp","href":"https:\/\/api.w.org\/{rel}","templated":true}]}}